CRAN Package Check Results for Package sobir

Last updated on 2021-07-30 19:50:26 CEST.

Flavor Version Tinstall Tcheck Ttotal Status Flags
r-devel-linux-x86_64-debian-clang 0.1.2 OK
r-devel-linux-x86_64-debian-gcc 0.1.2 8.14 172.67 180.81 OK
r-devel-linux-x86_64-fedora-clang 0.1.2 306.66 NOTE
r-devel-linux-x86_64-fedora-gcc 0.1.2 294.90 NOTE
r-devel-windows-x86_64 0.1.2 23.00 273.00 296.00 OK
r-devel-windows-x86_64-gcc10-UCRT 0.1.2 NOTE
r-patched-linux-x86_64 0.1.2 OK
r-patched-solaris-x86 0.1.2 363.40 NOTE
r-release-linux-x86_64 0.1.2 10.66 231.12 241.78 OK
r-release-macos-arm64 0.1.2 WARN
r-release-macos-x86_64 0.1.2 NOTE
r-release-windows-ix86+x86_64 0.1.2 26.00 268.00 294.00 OK
r-oldrel-macos-x86_64 0.1.2 NOTE
r-oldrel-windows-ix86+x86_64 0.1.2 36.00 281.00 317.00 OK

Check Details

Version: 0.1.2
Check: dependencies in R code
Result: NOTE
    Namespaces in Imports field not imported from:
     ‘devtools’ ‘raster’ ‘rlang’ ‘sp’ ‘usethis’
     All declared Imports should be used.
Flavors: r-devel-linux-x86_64-fedora-clang, r-devel-linux-x86_64-fedora-gcc, r-devel-windows-x86_64-gcc10-UCRT, r-patched-solaris-x86, r-release-macos-arm64, r-release-macos-x86_64, r-oldrel-macos-x86_64

Version: 0.1.2
Check: re-building of vignette outputs
Result: WARN
    Error(s) in re-building vignettes:
    --- re-building ‘sobir-getstarted.Rmd’ using rmarkdown
    Warning in engine$weave(file, quiet = quiet, encoding = enc) :
     Pandoc (>= 1.12.3) not available. Falling back to R Markdown v1.
    
    Attaching package: 'dplyr'
    
    The following objects are masked from 'package:stats':
    
     filter, lag
    
    The following objects are masked from 'package:base':
    
     intersect, setdiff, setequal, union
    
    `geom_smooth()` using formula 'y ~ x'
    Quitting from lines 75-88 (sobir-getstarted.Rmd)
    Error: processing vignette 'sobir-getstarted.Rmd' failed with diagnostics:
    polygon edge not found
    --- failed re-building ‘sobir-getstarted.Rmd’
    
    SUMMARY: processing the following file failed:
     ‘sobir-getstarted.Rmd’
    
    Error: Vignette re-building failed.
    Execution halted
Flavor: r-release-macos-arm64