Last updated on 2022-07-07 05:56:13 CEST.
Flavor | Version | Tinstall | Tcheck | Ttotal | Status | Flags |
---|---|---|---|---|---|---|
r-devel-linux-x86_64-debian-clang | 0.18.2 | 33.49 | 232.35 | 265.84 | OK | |
r-devel-linux-x86_64-debian-gcc | 0.18.2 | 25.60 | 170.27 | 195.87 | OK | |
r-devel-linux-x86_64-fedora-clang | 0.18.2 | 340.95 | OK | |||
r-devel-linux-x86_64-fedora-gcc | 0.18.2 | 326.13 | OK | |||
r-devel-windows-x86_64 | 0.18.2 | 39.00 | 269.00 | 308.00 | OK | |
r-patched-linux-x86_64 | 0.18.2 | 29.55 | 222.44 | 251.99 | OK | |
r-release-linux-x86_64 | 0.18.2 | 23.04 | 217.14 | 240.18 | OK | |
r-release-macos-arm64 | 0.18.2 | 83.00 | OK | |||
r-release-macos-x86_64 | 0.18.2 | 115.00 | OK | |||
r-release-windows-x86_64 | 0.18.2 | 34.00 | 7.00 | 41.00 | ERROR | |
r-oldrel-macos-arm64 | 0.18.2 | 78.00 | OK | |||
r-oldrel-macos-x86_64 | 0.18.2 | 102.00 | OK | |||
r-oldrel-windows-ix86+x86_64 | 0.18.2 | 83.00 | 326.00 | 409.00 | OK |
Version: 0.18.2
Check: whether package can be installed
Result: ERROR
Installation failed.
Flavor: r-release-windows-x86_64