CRAN Package Check Results for Package smpic

Last updated on 2021-07-26 19:49:38 CEST.

Flavor Version Tinstall Tcheck Ttotal Status Flags
r-devel-linux-x86_64-debian-clang 0.1.0 2.05 38.76 40.81 NOTE
r-devel-linux-x86_64-debian-gcc 0.1.0 1.57 29.79 31.36 NOTE
r-devel-linux-x86_64-fedora-clang 0.1.0 59.20 NOTE
r-devel-linux-x86_64-fedora-gcc 0.1.0 49.46 NOTE
r-devel-windows-x86_64 0.1.0 4.00 60.00 64.00 OK
r-devel-windows-x86_64-gcc10-UCRT 0.1.0 OK
r-patched-linux-x86_64 0.1.0 2.30 36.60 38.90 NOTE
r-patched-solaris-x86 0.1.0 77.70 NOTE
r-release-linux-x86_64 0.1.0 2.02 36.82 38.84 NOTE
r-release-macos-arm64 0.1.0 WARN
r-release-macos-x86_64 0.1.0 OK
r-release-windows-ix86+x86_64 0.1.0 5.00 58.00 63.00 OK
r-oldrel-macos-x86_64 0.1.0 OK
r-oldrel-windows-ix86+x86_64 0.1.0 5.00 57.00 62.00 OK

Check Details

Version: 0.1.0
Check: for non-standard things in the check directory
Result: NOTE
    Found the following files/directories:
     'my_new_social_media_plot.png'
Flavors: r-devel-linux-x86_64-debian-clang, r-devel-linux-x86_64-debian-gcc, r-devel-linux-x86_64-fedora-clang, r-devel-linux-x86_64-fedora-gcc, r-patched-linux-x86_64, r-patched-solaris-x86, r-release-linux-x86_64

Version: 0.1.0
Check: re-building of vignette outputs
Result: WARN
    Error(s) in re-building vignettes:
     ...
    --- re-building ‘make_a_social_media_plot.Rmd’ using rmarkdown
    Warning in engine$weave(file, quiet = quiet, encoding = enc) :
     Pandoc (>= 1.12.3) not available. Falling back to R Markdown v1.
    
    Attaching package: 'dplyr'
    
    The following objects are masked from 'package:stats':
    
     filter, lag
    
    The following objects are masked from 'package:base':
    
     intersect, setdiff, setequal, union
    
    Quitting from lines 41-42 (make_a_social_media_plot.Rmd)
    Error: processing vignette 'make_a_social_media_plot.Rmd' failed with diagnostics:
    polygon edge not found
    --- failed re-building ‘make_a_social_media_plot.Rmd’
    
    SUMMARY: processing the following file failed:
     ‘make_a_social_media_plot.Rmd’
    
    Error: Vignette re-building failed.
    Execution halted
Flavor: r-release-macos-arm64