CRAN Package Check Results for Package smotefamily

Last updated on 2021-10-21 04:58:46 CEST.

Flavor Version Tinstall Tcheck Ttotal Status Flags
r-devel-linux-x86_64-debian-clang 1.3.1 3.22 49.45 52.67 OK
r-devel-linux-x86_64-debian-gcc 1.3.1 2.41 34.96 37.37 OK
r-devel-linux-x86_64-fedora-clang 1.3.1 72.81 OK
r-devel-linux-x86_64-fedora-gcc 1.3.1 59.65 OK
r-devel-windows-x86_64 1.3.1 5.00 56.00 61.00 OK
r-devel-windows-x86_64-gcc10-UCRT 1.3.1 ERROR
r-patched-linux-x86_64 1.3.1 3.38 45.38 48.76 OK
r-patched-solaris-x86 1.3.1 85.50 OK
r-release-linux-x86_64 1.3.1 3.16 45.80 48.96 OK
r-release-macos-arm64 1.3.1 OK
r-release-macos-x86_64 1.3.1 OK
r-release-windows-ix86+x86_64 1.3.1 5.00 68.00 73.00 OK
r-oldrel-macos-x86_64 1.3.1 OK
r-oldrel-windows-ix86+x86_64 1.3.1 6.00 63.00 69.00 OK

Check Details

Version: 1.3.1
Check: package dependencies
Result: ERROR
    Package required but not available: 'igraph'
    
    See section 'The DESCRIPTION file' in the 'Writing R Extensions'
    manual.
Flavor: r-devel-windows-x86_64-gcc10-UCRT