CRAN Package Check Results for Package smooth

Last updated on 2021-06-20 09:50:08 CEST.

Flavor Version Tinstall Tcheck Ttotal Status Flags
r-devel-linux-x86_64-debian-clang 3.1.2 220.22 305.60 525.82 OK --no-vignettes
r-devel-linux-x86_64-debian-gcc 3.1.2 163.97 220.72 384.69 OK --no-vignettes
r-devel-linux-x86_64-fedora-clang 3.1.2 1024.81 NOTE
r-devel-linux-x86_64-fedora-gcc 3.1.2 869.12 OK
r-devel-windows-x86_64 3.1.2 244.00 241.00 485.00 NOTE --no-vignettes
r-devel-windows-x86_64-gcc10-UCRT 3.1.2 ERROR
r-patched-linux-x86_64 3.1.2 172.43 289.18 461.61 OK --no-vignettes
r-patched-solaris-x86 3.1.2 1071.90 NOTE
r-release-linux-x86_64 3.1.2 180.17 287.87 468.04 OK --no-vignettes
r-release-macos-arm64 3.1.2 NOTE
r-release-macos-x86_64 3.1.2 NOTE
r-release-windows-ix86+x86_64 3.1.1 442.00 348.00 790.00 NOTE --no-vignettes
r-oldrel-macos-x86_64 3.1.2 NOTE
r-oldrel-windows-ix86+x86_64 3.1.2 385.00 295.00 680.00 NOTE --no-vignettes

Check Details

Version: 3.1.2
Check: installed package size
Result: NOTE
     installed size is 16.3Mb
     sub-directories of 1Mb or more:
     R 1.2Mb
     doc 3.7Mb
     libs 10.9Mb
Flavors: r-devel-linux-x86_64-fedora-clang, r-patched-solaris-x86, r-release-macos-arm64, r-release-macos-x86_64, r-oldrel-macos-x86_64

Version: 3.1.2
Flags: --no-vignettes
Check: package dependencies
Result: NOTE
    Package suggested but not available for checking: 'doMC'
Flavors: r-devel-windows-x86_64, r-oldrel-windows-ix86+x86_64

Version: 3.1.2
Flags: --no-vignettes
Check: installed package size
Result: NOTE
     installed size is 6.8Mb
     sub-directories of 1Mb or more:
     R 1.2Mb
     doc 3.7Mb
     libs 1.5Mb
Flavors: r-devel-windows-x86_64, r-oldrel-windows-ix86+x86_64

Version: 3.1.2
Check: package dependencies
Result: ERROR
    Package required but not available: 'greybox'
    
    Packages suggested but not available for checking: 'Mcomp', 'doMC'
    
    See section 'The DESCRIPTION file' in the 'Writing R Extensions'
    manual.
Flavor: r-devel-windows-x86_64-gcc10-UCRT

Version: 3.1.1
Flags: --no-vignettes
Check: package dependencies
Result: NOTE
    Package suggested but not available for checking: 'doMC'
Flavor: r-release-windows-ix86+x86_64

Version: 3.1.1
Flags: --no-vignettes
Check: installed package size
Result: NOTE
     installed size is 8.5Mb
     sub-directories of 1Mb or more:
     R 1.2Mb
     doc 3.7Mb
     libs 3.2Mb
Flavor: r-release-windows-ix86+x86_64