CRAN Package Check Results for Package smog

Last updated on 2022-01-20 00:50:08 CET.

Flavor Version Tinstall Tcheck Ttotal Status Flags
r-devel-linux-x86_64-debian-clang 2.1.0 NOTE
r-devel-linux-x86_64-debian-gcc 2.1.0 46.15 57.99 104.14 NOTE
r-devel-linux-x86_64-fedora-clang 2.1.0 190.07 NOTE
r-devel-linux-x86_64-fedora-gcc 2.1.0 167.70 NOTE
r-devel-windows-x86_64-new-UL 2.1.0 67.00 114.00 181.00 NOTE
r-devel-windows-x86_64-new-TK 2.1.0 NOTE
r-patched-linux-x86_64 2.1.0 52.65 73.77 126.42 NOTE
r-release-linux-x86_64 2.1.0 NOTE
r-release-macos-arm64 2.1.0 NOTE
r-release-macos-x86_64 2.1.0 NOTE
r-release-windows-ix86+x86_64 2.1.0 141.00 133.00 274.00 NOTE
r-oldrel-macos-x86_64 2.1.0 NOTE
r-oldrel-windows-ix86+x86_64 2.1.0 143.00 140.00 283.00 OK

Check Details

Version: 2.1.0
Check: LazyData
Result: NOTE
     'LazyData' is specified without a 'data' directory
Flavors: r-devel-linux-x86_64-debian-clang, r-devel-linux-x86_64-debian-gcc, r-devel-linux-x86_64-fedora-clang, r-devel-linux-x86_64-fedora-gcc, r-devel-windows-x86_64-new-UL, r-devel-windows-x86_64-new-TK, r-patched-linux-x86_64, r-release-linux-x86_64, r-release-macos-arm64, r-release-macos-x86_64, r-release-windows-ix86+x86_64

Version: 2.1.0
Check: dependencies in R code
Result: NOTE
    Namespaces in Imports field not imported from:
     ‘Rdpack’ ‘rmarkdown’
     All declared Imports should be used.
Flavors: r-devel-linux-x86_64-fedora-clang, r-devel-linux-x86_64-fedora-gcc, r-devel-windows-x86_64-new-TK, r-release-macos-arm64, r-release-macos-x86_64, r-oldrel-macos-x86_64

Version: 2.1.0
Check: installed package size
Result: NOTE
     installed size is 5.4Mb
     sub-directories of 1Mb or more:
     libs 5.2Mb
Flavor: r-release-macos-arm64