CRAN Package Check Results for Package sm

Last updated on 2023-02-09 03:56:24 CET.

Flavor Version Tinstall Tcheck Ttotal Status Flags
r-devel-linux-x86_64-debian-clang 2.2-5.7.1 20.24 84.83 105.07 WARN
r-devel-linux-x86_64-debian-gcc 2.2-5.7.1 12.13 64.07 76.20 OK
r-devel-linux-x86_64-fedora-clang 2.2-5.7.1 131.64 OK
r-devel-linux-x86_64-fedora-gcc 2.2-5.7.1 128.95 OK
r-devel-windows-x86_64 2.2-5.7.1 95.00 129.00 224.00 OK
r-patched-linux-x86_64 2.2-5.7.1 19.07 87.38 106.45 OK
r-release-linux-x86_64 2.2-5.7.1 16.53 86.83 103.36 WARN
r-release-macos-arm64 2.2-5.7.1 47.00 OK
r-release-macos-x86_64 2.2-5.7.1 52.00 OK
r-release-windows-x86_64 2.2-5.7.1 60.00 129.00 189.00 WARN
r-oldrel-macos-arm64 2.2-5.7.1 43.00 OK
r-oldrel-macos-x86_64 2.2-5.7.1 49.00 OK
r-oldrel-windows-ix86+x86_64 2.2-5.7.1 33.00 126.00 159.00 WARN

Check Details

Version: 2.2-5.7.1
Check: examples
Result: WARN
    Found the following significant warnings:
    
     Warning: 'rgl::rgl.viewpoint' is deprecated.
     Warning: 'rgl::rgl.lines' is deprecated.
     Warning: 'rgl::rgl.lines' is deprecated.
     Warning: 'rgl::rgl.lines' is deprecated.
     Warning: 'rgl::rgl.lines' is deprecated.
     Warning: 'rgl::rgl.lines' is deprecated.
     Warning: 'rgl::rgl.lines' is deprecated.
     Warning: 'rgl::rgl.texts' is deprecated.
     Warning: 'rgl::rgl.texts' is deprecated.
     Warning: 'rgl::rgl.texts' is deprecated.
     Warning: 'rgl::rgl.texts' is deprecated.
     Warning: 'rgl::rgl.texts' is deprecated.
     Warning: 'rgl::rgl.lines' is deprecated.
     Warning: 'rgl::rgl.lines' is deprecated.
     Warning: 'rgl::rgl.lines' is deprecated.
     Warning: 'rgl::rgl.points' is deprecated.
    Deprecated functions may be defunct as soon as of the next release of
    R.
    See ?Deprecated.
Flavors: r-devel-linux-x86_64-debian-clang, r-release-linux-x86_64, r-release-windows-x86_64

Version: 2.2-5.7.1
Check: running examples for arch ā€˜i386ā€™
Result: WARN
    Found the following significant warnings:
    
     Warning: 'rgl::rgl.viewpoint' is deprecated.
     Warning: 'rgl::rgl.lines' is deprecated.
     Warning: 'rgl::rgl.lines' is deprecated.
     Warning: 'rgl::rgl.lines' is deprecated.
     Warning: 'rgl::rgl.lines' is deprecated.
     Warning: 'rgl::rgl.lines' is deprecated.
     Warning: 'rgl::rgl.lines' is deprecated.
     Warning: 'rgl::rgl.texts' is deprecated.
     Warning: 'rgl::rgl.texts' is deprecated.
     Warning: 'rgl::rgl.texts' is deprecated.
     Warning: 'rgl::rgl.texts' is deprecated.
     Warning: 'rgl::rgl.texts' is deprecated.
     Warning: 'rgl::rgl.lines' is deprecated.
     Warning: 'rgl::rgl.lines' is deprecated.
     Warning: 'rgl::rgl.lines' is deprecated.
     Warning: 'rgl::rgl.points' is deprecated.
    Deprecated functions may be defunct as soon as of the next release of
    R.
    See ?Deprecated.
Flavor: r-oldrel-windows-ix86+x86_64

Version: 2.2-5.7.1
Check: running examples for arch ā€˜x64ā€™
Result: WARN
    Found the following significant warnings:
    
     Warning: 'rgl::rgl.viewpoint' is deprecated.
     Warning: 'rgl::rgl.lines' is deprecated.
     Warning: 'rgl::rgl.lines' is deprecated.
     Warning: 'rgl::rgl.lines' is deprecated.
     Warning: 'rgl::rgl.lines' is deprecated.
     Warning: 'rgl::rgl.lines' is deprecated.
     Warning: 'rgl::rgl.lines' is deprecated.
     Warning: 'rgl::rgl.texts' is deprecated.
     Warning: 'rgl::rgl.texts' is deprecated.
     Warning: 'rgl::rgl.texts' is deprecated.
     Warning: 'rgl::rgl.texts' is deprecated.
     Warning: 'rgl::rgl.texts' is deprecated.
     Warning: 'rgl::rgl.lines' is deprecated.
     Warning: 'rgl::rgl.lines' is deprecated.
     Warning: 'rgl::rgl.lines' is deprecated.
     Warning: 'rgl::rgl.points' is deprecated.
    Deprecated functions may be defunct as soon as of the next release of
    R.
    See ?Deprecated.
Flavor: r-oldrel-windows-ix86+x86_64