Last updated on 2023-06-06 23:10:07 CEST.
Flavor | Version | Tinstall | Tcheck | Ttotal | Status | Flags |
---|---|---|---|---|---|---|
r-devel-linux-x86_64-debian-clang | 2.2-5.7.1 | 18.04 | 88.81 | 106.85 | OK | |
r-devel-linux-x86_64-debian-gcc | 2.2-5.7.1 | 13.36 | 67.88 | 81.24 | OK | |
r-devel-linux-x86_64-fedora-clang | 2.2-5.7.1 | 135.01 | OK | |||
r-devel-linux-x86_64-fedora-gcc | 2.2-5.7.1 | 129.01 | OK | |||
r-devel-windows-x86_64 | 2.2-5.7.1 | 18.00 | 95.00 | 113.00 | OK | |
r-patched-linux-x86_64 | 2.2-5.7.1 | 16.67 | 88.93 | 105.60 | OK | |
r-release-linux-x86_64 | 2.2-5.7.1 | 14.68 | 84.29 | 98.97 | OK | |
r-release-macos-arm64 | 2.2-5.7.1 | 40.00 | OK | |||
r-release-macos-x86_64 | 2.2-5.7.1 | 67.00 | NOTE | |||
r-release-windows-x86_64 | 2.2-5.7.1 | 17.00 | 110.00 | 127.00 | OK | |
r-oldrel-macos-arm64 | 2.2-5.7.1 | 34.00 | OK | |||
r-oldrel-macos-x86_64 | 2.2-5.7.1 | 52.00 | OK | |||
r-oldrel-windows-x86_64 | 2.2-5.7.1 | 21.00 | 107.00 | 128.00 | OK |
Version: 2.2-5.7.1
Check: package dependencies
Result: NOTE
Packages suggested but not available for checking: 'interp', 'gam'
Flavor: r-release-macos-x86_64