CRAN Package Check Results for Package slp

Last updated on 2021-11-30 11:52:11 CET.

Flavor Version Tinstall Tcheck Ttotal Status Flags
r-devel-linux-x86_64-debian-clang 1.0-5 8.93 70.64 79.57 OK
r-devel-linux-x86_64-debian-gcc 1.0-5 7.04 56.23 63.27 OK
r-devel-linux-x86_64-fedora-clang 1.0-5 111.10 NOTE
r-devel-linux-x86_64-fedora-gcc 1.0-5 99.66 NOTE
r-devel-windows-x86_64-new-UL 1.0-5 18.00 114.00 132.00 OK
r-devel-windows-x86_64-new-TK 1.0-5 OK
r-devel-windows-x86_64-old 1.0-5 14.00 77.00 91.00 OK
r-patched-linux-x86_64 1.0-5 8.38 70.11 78.49 OK
r-patched-solaris-x86 1.0-5 151.50 OK
r-release-linux-x86_64 1.0-5 7.85 69.84 77.69 OK
r-release-macos-arm64 1.0-5 OK
r-release-macos-x86_64 1.0-5 OK
r-release-windows-ix86+x86_64 1.0-5 24.00 95.00 119.00 OK
r-oldrel-macos-x86_64 1.0-5 OK
r-oldrel-windows-ix86+x86_64 1.0-5 16.00 124.00 140.00 OK

Check Details

Version: 1.0-5
Check: compiled code
Result: NOTE
    File ‘slp/libs/slp.so’:
     Found no calls to: ‘R_registerRoutines’, ‘R_useDynamicSymbols’
    
    It is good practice to register native routines and to disable symbol
    search.
    
    See ‘Writing portable packages’ in the ‘Writing R Extensions’ manual.
Flavors: r-devel-linux-x86_64-fedora-clang, r-devel-linux-x86_64-fedora-gcc