Last updated on 2022-07-03 17:52:15 CEST.
Flavor | Version | Tinstall | Tcheck | Ttotal | Status | Flags |
---|---|---|---|---|---|---|
r-devel-linux-x86_64-debian-clang | 1.0.0 | 16.30 | 320.97 | 337.27 | OK | |
r-devel-linux-x86_64-debian-gcc | 1.0.0 | 13.86 | 233.43 | 247.29 | OK | |
r-devel-linux-x86_64-fedora-clang | 1.0.0 | 405.29 | NOTE | |||
r-devel-linux-x86_64-fedora-gcc | 1.0.0 | 318.65 | NOTE | |||
r-devel-windows-x86_64 | 1.0.0 | 52.00 | 573.00 | 625.00 | OK | |
r-patched-linux-x86_64 | 1.0.0 | 15.87 | 298.56 | 314.43 | OK | |
r-release-linux-x86_64 | 1.0.0 | 17.53 | 304.35 | 321.88 | OK | |
r-release-macos-arm64 | 1.0.0 | 311.00 | NOTE | |||
r-release-macos-x86_64 | 1.0.0 | 398.00 | NOTE | |||
r-release-windows-x86_64 | 1.0.0 | 79.00 | 569.00 | 648.00 | OK | |
r-oldrel-macos-arm64 | 1.0.0 | 278.00 | NOTE | |||
r-oldrel-macos-x86_64 | 1.0.0 | 351.00 | NOTE | |||
r-oldrel-windows-ix86+x86_64 | 1.0.0 | 40.00 | 595.00 | 635.00 | OK |
Version: 1.0.0
Check: dependencies in R code
Result: NOTE
Namespaces in Imports field not imported from:
‘numDeriv’ ‘png’
All declared Imports should be used.
Flavors: r-devel-linux-x86_64-fedora-clang, r-devel-linux-x86_64-fedora-gcc, r-release-macos-arm64, r-release-macos-x86_64, r-oldrel-macos-arm64, r-oldrel-macos-x86_64