CRAN Package Check Results for Package skynet

Last updated on 2021-07-24 07:49:40 CEST.

Flavor Version Tinstall Tcheck Ttotal Status Flags
r-devel-linux-x86_64-debian-clang 1.4.0 9.73 95.38 105.11 OK
r-devel-linux-x86_64-debian-gcc 1.4.0 7.22 70.02 77.24 OK
r-devel-linux-x86_64-fedora-clang 1.4.0 133.26 NOTE
r-devel-linux-x86_64-fedora-gcc 1.4.0 118.05 NOTE
r-devel-windows-x86_64 1.4.0 12.00 95.00 107.00 OK
r-devel-windows-x86_64-gcc10-UCRT 1.4.0 NOTE
r-patched-linux-x86_64 1.4.0 9.13 86.85 95.98 OK
r-patched-solaris-x86 1.4.0 174.50 NOTE
r-release-linux-x86_64 1.4.0 7.94 86.76 94.70 OK
r-release-macos-arm64 1.4.0 NOTE
r-release-macos-x86_64 1.4.0 NOTE
r-release-windows-ix86+x86_64 1.4.0 20.00 123.00 143.00 OK
r-oldrel-macos-x86_64 1.4.0 NOTE
r-oldrel-windows-ix86+x86_64 1.4.0 16.00 119.00 135.00 OK

Check Details

Version: 1.4.0
Check: dependencies in R code
Result: NOTE
    Namespace in Imports field not imported from: ‘maps’
     All declared Imports should be used.
Flavors: r-devel-linux-x86_64-fedora-clang, r-devel-linux-x86_64-fedora-gcc, r-devel-windows-x86_64-gcc10-UCRT, r-patched-solaris-x86, r-release-macos-arm64, r-release-macos-x86_64, r-oldrel-macos-x86_64