CRAN Package Check Results for Package skm

Last updated on 2022-01-22 00:48:39 CET.

Flavor Version Tinstall Tcheck Ttotal Status Flags
r-devel-linux-x86_64-debian-clang 0.1.5.4 85.67 449.90 535.57 NOTE
r-devel-linux-x86_64-debian-gcc 0.1.5.4 60.44 357.76 418.20 NOTE
r-devel-linux-x86_64-fedora-clang 0.1.5.4 685.35 NOTE
r-devel-linux-x86_64-fedora-gcc 0.1.5.4 681.76 NOTE
r-devel-windows-x86_64-new-UL 0.1.5.4 85.00 76.00 161.00 NOTE --no-vignettes
r-devel-windows-x86_64-new-TK 0.1.5.4 NOTE
r-patched-linux-x86_64 0.1.5.4 71.72 463.81 535.53 NOTE
r-release-linux-x86_64 0.1.5.4 61.78 468.41 530.19 NOTE
r-release-macos-arm64 0.1.5.4 NOTE
r-release-macos-x86_64 0.1.5.4 NOTE
r-release-windows-ix86+x86_64 0.1.5.4 205.00 81.00 286.00 NOTE --no-vignettes
r-oldrel-macos-x86_64 0.1.5.4 NOTE
r-oldrel-windows-ix86+x86_64 0.1.5.4 203.00 69.00 272.00 NOTE --no-vignettes

Check Details

Version: 0.1.5.4
Check: for GNU extensions in Makefiles
Result: NOTE
    GNU make is a SystemRequirements.
Flavors: r-devel-linux-x86_64-debian-clang, r-devel-linux-x86_64-debian-gcc, r-devel-linux-x86_64-fedora-clang, r-devel-linux-x86_64-fedora-gcc, r-devel-windows-x86_64-new-TK, r-patched-linux-x86_64, r-release-linux-x86_64, r-release-macos-arm64, r-release-macos-x86_64, r-oldrel-macos-x86_64

Version: 0.1.5.4
Check: installed package size
Result: NOTE
     installed size is 6.0Mb
     sub-directories of 1Mb or more:
     doc 1.1Mb
     libs 3.8Mb
Flavors: r-devel-linux-x86_64-fedora-clang, r-release-macos-arm64, r-release-macos-x86_64, r-oldrel-macos-x86_64

Version: 0.1.5.4
Check: compiled code
Result: NOTE
    File ‘skm/libs/skm.so’:
     Found no calls to: ‘R_registerRoutines’, ‘R_useDynamicSymbols’
    
    It is good practice to register native routines and to disable symbol
    search.
    
    See ‘Writing portable packages’ in the ‘Writing R Extensions’ manual.
Flavors: r-devel-linux-x86_64-fedora-clang, r-devel-linux-x86_64-fedora-gcc

Version: 0.1.5.4
Flags: --no-vignettes
Check: for GNU extensions in Makefiles
Result: NOTE
    GNU make is a SystemRequirements.
Flavors: r-devel-windows-x86_64-new-UL, r-release-windows-ix86+x86_64, r-oldrel-windows-ix86+x86_64