CRAN Package Check Results for Package skimr

Last updated on 2021-10-18 04:54:34 CEST.

Flavor Version Tinstall Tcheck Ttotal Status Flags
r-devel-linux-x86_64-debian-clang 2.1.3 5.97 80.47 86.44 NOTE
r-devel-linux-x86_64-debian-gcc 2.1.3 4.73 61.43 66.16 NOTE
r-devel-linux-x86_64-fedora-clang 2.1.3 112.01 NOTE
r-devel-linux-x86_64-fedora-gcc 2.1.3 112.49 NOTE
r-devel-windows-x86_64 2.1.3 11.00 94.00 105.00 NOTE
r-devel-windows-x86_64-gcc10-UCRT 2.1.3 NOTE
r-patched-linux-x86_64 2.1.3 6.46 81.20 87.66 NOTE
r-patched-solaris-x86 2.1.3 142.70 NOTE
r-release-linux-x86_64 2.1.3 6.04 81.44 87.48 NOTE
r-release-macos-arm64 2.1.3 NOTE
r-release-macos-x86_64 2.1.3 NOTE
r-release-windows-ix86+x86_64 2.1.3 12.00 104.00 116.00 NOTE
r-oldrel-macos-x86_64 2.1.3 OK
r-oldrel-windows-ix86+x86_64 2.1.3 14.00 107.00 121.00 OK

Check Details

Version: 2.1.3
Check: LazyData
Result: NOTE
     'LazyData' is specified without a 'data' directory
Flavors: r-devel-linux-x86_64-debian-clang, r-devel-linux-x86_64-debian-gcc, r-devel-linux-x86_64-fedora-clang, r-devel-linux-x86_64-fedora-gcc, r-devel-windows-x86_64, r-devel-windows-x86_64-gcc10-UCRT, r-patched-linux-x86_64, r-patched-solaris-x86, r-release-linux-x86_64, r-release-macos-arm64, r-release-macos-x86_64, r-release-windows-ix86+x86_64