CRAN Package Check Results for Package sketcher

Last updated on 2021-08-02 07:52:07 CEST.

Flavor Version Tinstall Tcheck Ttotal Status Flags
r-devel-linux-x86_64-debian-clang 0.1.3 4.41 31.50 35.91 OK
r-devel-linux-x86_64-debian-gcc 0.1.3 3.53 24.52 28.05 OK
r-devel-linux-x86_64-fedora-clang 0.1.3 52.42 NOTE
r-devel-linux-x86_64-fedora-gcc 0.1.3 42.09 NOTE
r-devel-windows-x86_64 0.1.3 6.00 46.00 52.00 OK
r-devel-windows-x86_64-gcc10-UCRT 0.1.3 NOTE
r-patched-linux-x86_64 0.1.3 OK
r-patched-solaris-x86 0.1.3 65.30 NOTE
r-release-linux-x86_64 0.1.3 4.44 30.42 34.86 OK
r-release-macos-arm64 0.1.3 NOTE
r-release-macos-x86_64 0.1.3 NOTE
r-release-windows-ix86+x86_64 0.1.3 9.00 46.00 55.00 OK
r-oldrel-macos-x86_64 0.1.3 NOTE
r-oldrel-windows-ix86+x86_64 0.1.3 7.00 47.00 54.00 OK

Check Details

Version: 0.1.3
Check: dependencies in R code
Result: NOTE
    Namespaces in Imports field not imported from:
     ‘dplyr’ ‘methods’
     All declared Imports should be used.
Flavors: r-devel-linux-x86_64-fedora-clang, r-devel-linux-x86_64-fedora-gcc, r-devel-windows-x86_64-gcc10-UCRT, r-patched-solaris-x86, r-release-macos-arm64, r-release-macos-x86_64, r-oldrel-macos-x86_64