CRAN Package Check Results for Package skedastic

Last updated on 2021-06-15 09:53:02 CEST.

Flavor Version Tinstall Tcheck Ttotal Status Flags
r-devel-linux-x86_64-debian-gcc 1.0.3 7.01 86.81 93.82 OK
r-devel-linux-x86_64-fedora-clang 1.0.3 160.64 NOTE
r-devel-linux-x86_64-fedora-gcc 1.0.3 94.05 NOTE
r-devel-windows-x86_64 1.0.3 14.00 150.00 164.00 OK
r-patched-solaris-x86 1.0.3 205.60 NOTE
r-release-macos-arm64 1.0.1 NOTE
r-release-macos-x86_64 1.0.1 NOTE
r-oldrel-macos-x86_64 1.0.1 NOTE
r-oldrel-windows-ix86+x86_64 1.0.3 14.00 130.00 144.00 OK

Check Details

Version: 1.0.3
Check: dependencies in R code
Result: NOTE
    Namespaces in Imports field not imported from:
     ‘CompQuadForm’ ‘Hmisc’ ‘boot’ ‘mvtnorm’
     All declared Imports should be used.
Flavors: r-devel-linux-x86_64-fedora-clang, r-devel-linux-x86_64-fedora-gcc, r-patched-solaris-x86

Version: 1.0.1
Check: package dependencies
Result: NOTE
    Package suggested but not available for checking: ‘het.test’
Flavors: r-release-macos-arm64, r-release-macos-x86_64

Version: 1.0.1
Check: dependencies in R code
Result: NOTE
    Namespaces in Imports field not imported from:
     ‘CompQuadForm’ ‘boot’ ‘dplyr’ ‘mvtnorm’ ‘qpdf’
     All declared Imports should be used.
Flavors: r-release-macos-arm64, r-release-macos-x86_64, r-oldrel-macos-x86_64

Version: 1.0.1
Check: Rd cross-references
Result: NOTE
    Unknown package ‘het.test’ in Rd xrefs
Flavors: r-release-macos-arm64, r-release-macos-x86_64