CRAN Package Check Results for Package sits

Last updated on 2024-06-14 05:58:40 CEST.

Flavor Version Tinstall Tcheck Ttotal Status Flags
r-devel-linux-x86_64-debian-clang 1.5.0 229.10 211.15 440.25 OK
r-devel-linux-x86_64-debian-gcc 1.5.0 0.88 1.79 2.67 ERROR
r-devel-linux-x86_64-fedora-clang 1.5.0 628.03 OK
r-devel-linux-x86_64-fedora-gcc 1.5.0 611.46 OK
r-devel-windows-x86_64 1.5.0 172.00 186.00 358.00 OK
r-patched-linux-x86_64 1.5.0 197.35 201.12 398.47 OK
r-release-linux-x86_64 1.5.0 141.73 204.31 346.04 OK
r-release-macos-arm64 1.5.0 119.00 NOTE
r-release-macos-x86_64 1.5.0 154.00 NOTE
r-release-windows-x86_64 1.5.0 183.00 190.00 373.00 OK
r-oldrel-macos-arm64 1.5.0 119.00 NOTE
r-oldrel-macos-x86_64 1.5.0 255.00 NOTE
r-oldrel-windows-x86_64 1.5.0 225.00 245.00 470.00 OK

Check Details

Version: 1.5.0
Check: package dependencies
Result: ERROR Packages required but not available: 'dplyr', 'lubridate', 'purrr', 'slider', 'tibble', 'tidyr' Packages suggested but not available for checking: 'caret', 'dendextend', 'dtwclust', 'DiagrammeR', 'ggplot2', 'luz', 'randomForestExplainer', 'stringr', 'testthat', 'tmap' See section ‘The DESCRIPTION file’ in the ‘Writing R Extensions’ manual. Flavor: r-devel-linux-x86_64-debian-gcc

Version: 1.5.0
Check: installed package size
Result: NOTE installed size is 9.9Mb sub-directories of 1Mb or more: R 2.1Mb extdata 1.2Mb libs 5.9Mb Flavors: r-release-macos-arm64, r-release-macos-x86_64, r-oldrel-macos-arm64, r-oldrel-macos-x86_64