CRAN Package Check Results for Package sitepickR

Last updated on 2023-03-21 16:54:38 CET.

Flavor Version Tinstall Tcheck Ttotal Status Flags
r-devel-linux-x86_64-debian-clang 0.0.1 3.45 86.83 90.28 OK
r-devel-linux-x86_64-debian-gcc 0.0.1 2.44 66.35 68.79 OK
r-devel-linux-x86_64-fedora-clang 0.0.1 107.31 NOTE
r-devel-linux-x86_64-fedora-gcc 0.0.1 118.41 NOTE
r-patched-linux-x86_64 0.0.1 3.34 87.14 90.48 OK
r-release-linux-x86_64 0.0.1 2.02 84.65 86.67 OK
r-release-macos-arm64 0.0.1 39.00 NOTE
r-release-macos-x86_64 0.0.1 47.00 NOTE
r-release-windows-x86_64 0.0.1 20.00 130.00 150.00 OK
r-oldrel-macos-arm64 0.0.1 41.00 NOTE
r-oldrel-macos-x86_64 0.0.1 49.00 NOTE
r-oldrel-windows-ix86+x86_64 0.0.1 9.00 125.00 134.00 OK

Check Details

Version: 0.0.1
Check: dependencies in R code
Result: NOTE
    Namespace in Imports field not imported from: ‘data.table’
     All declared Imports should be used.
Flavors: r-devel-linux-x86_64-fedora-clang, r-devel-linux-x86_64-fedora-gcc, r-release-macos-arm64, r-release-macos-x86_64, r-oldrel-macos-arm64, r-oldrel-macos-x86_64