CRAN Package Check Results for Package sismonr

Last updated on 2021-07-24 07:49:40 CEST.

Flavor Version Tinstall Tcheck Ttotal Status Flags
r-devel-linux-x86_64-debian-clang 2.1.0 8.17 75.02 83.19 NOTE
r-devel-linux-x86_64-debian-gcc 2.1.0 6.78 56.08 62.86 NOTE
r-devel-linux-x86_64-fedora-clang 2.1.0 110.22 NOTE
r-devel-linux-x86_64-fedora-gcc 2.1.0 96.76 NOTE
r-devel-windows-x86_64 2.1.0 14.00 107.00 121.00 NOTE
r-devel-windows-x86_64-gcc10-UCRT 2.1.0 NOTE
r-patched-linux-x86_64 2.1.0 8.49 70.49 78.98 NOTE
r-patched-solaris-x86 2.1.0 133.80 NOTE
r-release-linux-x86_64 2.1.0 8.35 70.56 78.91 NOTE
r-release-macos-arm64 2.1.0 NOTE
r-release-macos-x86_64 2.1.0 NOTE
r-release-windows-ix86+x86_64 2.1.0 26.00 128.00 154.00 NOTE
r-oldrel-macos-x86_64 2.1.0 OK
r-oldrel-windows-ix86+x86_64 2.1.0 25.00 132.00 157.00 OK

Check Details

Version: 2.1.0
Check: LazyData
Result: NOTE
     'LazyData' is specified without a 'data' directory
Flavors: r-devel-linux-x86_64-debian-clang, r-devel-linux-x86_64-debian-gcc, r-devel-linux-x86_64-fedora-clang, r-devel-linux-x86_64-fedora-gcc, r-devel-windows-x86_64, r-devel-windows-x86_64-gcc10-UCRT, r-patched-linux-x86_64, r-patched-solaris-x86, r-release-linux-x86_64, r-release-macos-arm64, r-release-macos-x86_64, r-release-windows-ix86+x86_64