Last updated on 2022-07-04 05:50:18 CEST.
Flavor | Version | Tinstall | Tcheck | Ttotal | Status | Flags |
---|---|---|---|---|---|---|
r-devel-linux-x86_64-debian-clang | 0.2.3 | 3.26 | 36.58 | 39.84 | OK | |
r-devel-linux-x86_64-debian-gcc | 0.2.3 | 2.39 | 27.78 | 30.17 | OK | |
r-devel-linux-x86_64-fedora-clang | 0.2.3 | 57.37 | WARN | |||
r-devel-linux-x86_64-fedora-gcc | 0.2.3 | 56.54 | WARN | |||
r-devel-windows-x86_64 | 0.2.3 | 8.00 | 63.00 | 71.00 | OK | |
r-patched-linux-x86_64 | 0.2.3 | 2.18 | 34.99 | 37.17 | OK | |
r-release-linux-x86_64 | 0.2.3 | 3.27 | 35.35 | 38.62 | OK | |
r-release-macos-arm64 | 0.2.3 | 18.00 | NOTE | |||
r-release-macos-x86_64 | 0.2.3 | 38.00 | NOTE | |||
r-release-windows-x86_64 | 0.2.3 | 14.00 | 63.00 | 77.00 | OK | |
r-oldrel-macos-arm64 | 0.2.3 | 30.00 | NOTE | |||
r-oldrel-macos-x86_64 | 0.2.3 | 47.00 | NOTE | |||
r-oldrel-windows-ix86+x86_64 | 0.2.3 | 10.00 | 59.00 | 69.00 | OK |
Version: 0.2.3
Check: package dependencies
Result: WARN
Requires (indirectly) orphaned package: ‘gtools’
Flavors: r-devel-linux-x86_64-fedora-clang, r-devel-linux-x86_64-fedora-gcc
Version: 0.2.3
Check: dependencies in R code
Result: NOTE
Namespaces in Imports field not imported from:
‘crqa’ ‘plot3D’
All declared Imports should be used.
Flavors: r-devel-linux-x86_64-fedora-clang, r-devel-linux-x86_64-fedora-gcc, r-release-macos-arm64, r-release-macos-x86_64, r-oldrel-macos-arm64, r-oldrel-macos-x86_64