CRAN Package Check Results for Package simstudy

Last updated on 2021-06-20 09:50:08 CEST.

Flavor Version Tinstall Tcheck Ttotal Status Flags
r-devel-linux-x86_64-debian-clang 0.2.1 26.93 156.36 183.29 NOTE
r-devel-linux-x86_64-debian-gcc 0.2.1 15.91 108.58 124.49 NOTE
r-devel-linux-x86_64-fedora-clang 0.2.1 214.61 NOTE
r-devel-linux-x86_64-fedora-gcc 0.2.1 201.51 NOTE
r-devel-windows-x86_64 0.2.1 34.00 183.00 217.00 NOTE
r-devel-windows-x86_64-gcc10-UCRT 0.2.1 NOTE
r-patched-linux-x86_64 0.2.1 21.40 136.44 157.84 NOTE
r-patched-solaris-x86 0.2.1 240.50 NOTE
r-release-linux-x86_64 0.2.1 21.50 135.64 157.14 NOTE
r-release-macos-arm64 0.2.1 NOTE
r-release-macos-x86_64 0.2.1 NOTE
r-release-windows-ix86+x86_64 0.2.1 53.00 225.00 278.00 NOTE
r-oldrel-macos-x86_64 0.2.1 OK
r-oldrel-windows-ix86+x86_64 0.2.1 38.00 219.00 257.00 OK

Check Details

Version: 0.2.1
Check: LazyData
Result: NOTE
     'LazyData' is specified without a 'data' directory
Flavors: r-devel-linux-x86_64-debian-clang, r-devel-linux-x86_64-debian-gcc, r-devel-linux-x86_64-fedora-clang, r-devel-linux-x86_64-fedora-gcc, r-devel-windows-x86_64, r-devel-windows-x86_64-gcc10-UCRT, r-patched-linux-x86_64, r-patched-solaris-x86, r-release-linux-x86_64, r-release-macos-arm64, r-release-macos-x86_64, r-release-windows-ix86+x86_64

Version: 0.2.1
Check: package dependencies
Result: NOTE
    Package suggested but not available for checking: 'covr'
Flavor: r-devel-windows-x86_64-gcc10-UCRT