CRAN Package Check Results for Package simrec

Last updated on 2021-11-29 23:50:52 CET.

Flavor Version Tinstall Tcheck Ttotal Status Flags
r-devel-linux-x86_64-debian-clang 1.0.0 3.06 29.42 32.48 NOTE
r-devel-linux-x86_64-debian-gcc 1.0.0 2.87 22.98 25.85 NOTE
r-devel-linux-x86_64-fedora-clang 1.0.0 51.08 NOTE
r-devel-linux-x86_64-fedora-gcc 1.0.0 39.51 NOTE
r-devel-windows-x86_64-new-UL 1.0.0 10.00 67.00 77.00 NOTE
r-devel-windows-x86_64-new-TK 1.0.0 NOTE
r-devel-windows-x86_64-old 1.0.0 7.00 42.00 49.00 NOTE
r-patched-linux-x86_64 1.0.0 3.62 28.19 31.81 NOTE
r-patched-solaris-x86 1.0.0 56.00 NOTE
r-release-linux-x86_64 1.0.0 2.89 28.10 30.99 NOTE
r-release-macos-arm64 1.0.0 NOTE
r-release-macos-x86_64 1.0.0 WARN
r-release-windows-ix86+x86_64 1.0.0 8.00 37.00 45.00 NOTE
r-oldrel-macos-x86_64 1.0.0 WARN
r-oldrel-windows-ix86+x86_64 1.0.0 5.00 47.00 52.00 OK

Check Details

Version: 1.0.0
Check: LazyData
Result: NOTE
     'LazyData' is specified without a 'data' directory
Flavors: r-devel-linux-x86_64-debian-clang, r-devel-linux-x86_64-debian-gcc, r-devel-linux-x86_64-fedora-clang, r-devel-linux-x86_64-fedora-gcc, r-devel-windows-x86_64-new-UL, r-devel-windows-x86_64-new-TK, r-devel-windows-x86_64-old, r-patched-linux-x86_64, r-patched-solaris-x86, r-release-linux-x86_64, r-release-macos-arm64, r-release-macos-x86_64, r-release-windows-ix86+x86_64

Version: 1.0.0
Check: re-building of vignette outputs
Result: WARN
    Error(s) in re-building vignettes:
     ...
    --- re-building ‘simrec-vignette.Rmd’ using rmarkdown
    Warning in engine$weave(file, quiet = quiet, encoding = enc) :
     Pandoc (>= 1.12.3) not available. Falling back to R Markdown v1.
    PhantomJS not found. You can install it with webshot::install_phantomjs(). If it is installed, please make sure the phantomjs executable can be found via the PATH variable.
    PhantomJS not found. You can install it with webshot::install_phantomjs(). If it is installed, please make sure the phantomjs executable can be found via the PATH variable.
    Quitting from lines 155-198 (simrec-vignette.Rmd)
    Error: processing vignette 'simrec-vignette.Rmd' failed with diagnostics:
    invalid 'path' argument
    --- failed re-building ‘simrec-vignette.Rmd’
    
    SUMMARY: processing the following file failed:
     ‘simrec-vignette.Rmd’
    
    Error: Vignette re-building failed.
    Execution halted
Flavor: r-release-macos-x86_64

Version: 1.0.0
Check: re-building of vignette outputs
Result: WARN
    Error(s) in re-building vignettes:
     ...
    --- re-building ‘simrec-vignette.Rmd’ using rmarkdown
    Warning in engine$weave(file, quiet = quiet, encoding = enc) :
     Pandoc (>= 1.12.3) and/or pandoc-citeproc not available. Falling back to R Markdown v1.
    PhantomJS not found. You can install it with webshot::install_phantomjs(). If it is installed, please make sure the phantomjs executable can be found via the PATH variable.
    Quitting from lines 155-198 (simrec-vignette.Rmd)
    Error: processing vignette 'simrec-vignette.Rmd' failed with diagnostics:
    cannot open the connection
    --- failed re-building ‘simrec-vignette.Rmd’
    
    SUMMARY: processing the following file failed:
     ‘simrec-vignette.Rmd’
    
    Error: Vignette re-building failed.
    Execution halted
Flavor: r-oldrel-macos-x86_64