CRAN Package Check Results for Package simrec

Last updated on 2022-05-22 02:49:14 CEST.

Flavor Version Tinstall Tcheck Ttotal Status Flags
r-devel-linux-x86_64-debian-clang 1.0.0 3.78 41.21 44.99 NOTE
r-devel-linux-x86_64-debian-gcc 1.0.0 2.84 30.89 33.73 NOTE
r-devel-linux-x86_64-fedora-clang 1.0.0 52.89 NOTE
r-devel-linux-x86_64-fedora-gcc 1.0.0 50.82 NOTE
r-devel-windows-x86_64 1.0.0 12.00 63.00 75.00 NOTE
r-patched-linux-x86_64 1.0.0 3.22 38.96 42.18 NOTE
r-release-linux-x86_64 1.0.0 3.19 38.72 41.91 NOTE
r-release-macos-arm64 1.0.0 17.00 NOTE
r-release-macos-x86_64 1.0.0 24.00 NOTE
r-release-windows-x86_64 1.0.0 16.00 62.00 78.00 NOTE
r-oldrel-macos-arm64 1.0.0 59.00 NOTE
r-oldrel-macos-x86_64 1.0.0 26.00 NOTE
r-oldrel-windows-ix86+x86_64 1.0.0 7.00 54.00 61.00 NOTE

Check Details

Version: 1.0.0
Check: LazyData
Result: NOTE
     'LazyData' is specified without a 'data' directory
Flavors: r-devel-linux-x86_64-debian-clang, r-devel-linux-x86_64-debian-gcc, r-devel-linux-x86_64-fedora-clang, r-devel-linux-x86_64-fedora-gcc, r-devel-windows-x86_64, r-patched-linux-x86_64, r-release-linux-x86_64, r-release-macos-arm64, r-release-macos-x86_64, r-release-windows-x86_64, r-oldrel-macos-arm64, r-oldrel-macos-x86_64, r-oldrel-windows-ix86+x86_64