CRAN Package Check Results for Package simode

Last updated on 2021-06-13 21:48:26 CEST.

Flavor Version Tinstall Tcheck Ttotal Status Flags
r-devel-linux-x86_64-debian-clang 1.2.0 6.66 241.85 248.51 OK
r-devel-linux-x86_64-debian-gcc 1.2.0 4.72 169.94 174.66 OK
r-devel-linux-x86_64-fedora-clang 1.2.0 288.58 NOTE
r-devel-linux-x86_64-fedora-gcc 1.2.0 289.03 NOTE
r-devel-windows-x86_64 1.2.0 10.00 290.00 300.00 OK
r-devel-windows-x86_64-gcc10-UCRT 1.2.0 NOTE
r-patched-linux-x86_64 1.2.0 5.92 235.67 241.59 OK
r-patched-solaris-x86 1.2.0 332.40 NOTE
r-release-linux-x86_64 1.2.0 5.74 230.61 236.35 OK
r-release-macos-arm64 1.2.0 NOTE
r-release-macos-x86_64 1.2.0 NOTE
r-release-windows-ix86+x86_64 1.2.0 12.00 286.00 298.00 OK
r-oldrel-macos-x86_64 1.2.0 NOTE
r-oldrel-windows-ix86+x86_64 1.2.0 8.00 288.00 296.00 OK

Check Details

Version: 1.2.0
Check: dependencies in R code
Result: NOTE
    Namespace in Imports field not imported from: ‘quadprog’
     All declared Imports should be used.
Flavors: r-devel-linux-x86_64-fedora-clang, r-devel-linux-x86_64-fedora-gcc, r-devel-windows-x86_64-gcc10-UCRT, r-patched-solaris-x86, r-release-macos-arm64, r-release-macos-x86_64, r-oldrel-macos-x86_64