CRAN Package Check Results for Package simfinapi

Last updated on 2021-09-19 16:49:25 CEST.

Flavor Version Tinstall Tcheck Ttotal Status Flags
r-devel-linux-x86_64-debian-clang 0.2.0 4.84 45.08 49.92 OK
r-devel-linux-x86_64-debian-gcc 0.2.0 3.19 34.61 37.80 OK
r-devel-linux-x86_64-fedora-clang 0.2.0 71.69 OK
r-devel-linux-x86_64-fedora-gcc 0.2.0 57.55 OK
r-devel-windows-x86_64 0.2.0 8.00 72.00 80.00 OK
r-devel-windows-x86_64-gcc10-UCRT 0.2.0 ERROR
r-patched-linux-x86_64 0.2.0 7.46 42.26 49.72 OK
r-release-linux-x86_64 0.2.0 3.99 42.15 46.14 OK
r-release-macos-arm64 0.2.0 OK
r-release-macos-x86_64 0.2.0 OK
r-release-windows-ix86+x86_64 0.2.0 10.00 56.00 66.00 OK
r-oldrel-macos-x86_64 0.2.0 OK
r-oldrel-windows-ix86+x86_64 0.2.0 11.00 69.00 80.00 OK

Check Details

Version: 0.2.0
Check: whether package can be installed
Result: WARN
    Found the following significant warnings:
     WARNING: installation-time patches will not be applied, could not get the patches index
Flavor: r-devel-windows-x86_64-gcc10-UCRT

Version: 0.2.0
Check: PDF version of manual
Result: WARN
    LaTeX errors when creating PDF version.
    This typically indicates Rd problems.
Flavor: r-devel-windows-x86_64-gcc10-UCRT

Version: 0.2.0
Check: PDF version of manual without hyperrefs or index
Result: ERROR
    Re-running with no redirection of stdout/stderr.
Flavor: r-devel-windows-x86_64-gcc10-UCRT