CRAN Package Check Results for Package simest

Last updated on 2021-10-18 04:54:34 CEST.

Flavor Version Tinstall Tcheck Ttotal Status Flags
r-devel-linux-x86_64-debian-clang 0.4 10.63 86.01 96.64 NOTE
r-devel-linux-x86_64-debian-gcc 0.4 9.13 66.23 75.36 NOTE
r-devel-linux-x86_64-fedora-clang 0.4 127.48 NOTE
r-devel-linux-x86_64-fedora-gcc 0.4 115.78 NOTE
r-devel-windows-x86_64 0.4 18.00 94.00 112.00 NOTE
r-devel-windows-x86_64-gcc10-UCRT 0.4 NOTE
r-patched-linux-x86_64 0.4 13.89 84.01 97.90 NOTE
r-patched-solaris-x86 0.4 170.20 NOTE
r-release-linux-x86_64 0.4 11.02 83.63 94.65 NOTE
r-release-macos-arm64 0.4 NOTE
r-release-macos-x86_64 0.4 NOTE
r-release-windows-ix86+x86_64 0.4 21.00 151.00 172.00 NOTE
r-oldrel-macos-x86_64 0.4 OK
r-oldrel-windows-ix86+x86_64 0.4 31.00 145.00 176.00 OK

Check Details

Version: 0.4
Check: LazyData
Result: NOTE
     'LazyData' is specified without a 'data' directory
Flavors: r-devel-linux-x86_64-debian-clang, r-devel-linux-x86_64-debian-gcc, r-devel-linux-x86_64-fedora-clang, r-devel-linux-x86_64-fedora-gcc, r-devel-windows-x86_64, r-devel-windows-x86_64-gcc10-UCRT, r-patched-linux-x86_64, r-patched-solaris-x86, r-release-linux-x86_64, r-release-macos-arm64, r-release-macos-x86_64, r-release-windows-ix86+x86_64