CRAN Package Check Results for Package simPop

Last updated on 2021-07-28 19:50:13 CEST.

Flavor Version Tinstall Tcheck Ttotal Status Flags
r-devel-linux-x86_64-debian-clang 1.2.1 OK
r-devel-linux-x86_64-debian-gcc 1.2.1 59.55 145.31 204.86 OK
r-devel-linux-x86_64-fedora-clang 1.2.1 366.96 NOTE
r-devel-linux-x86_64-fedora-gcc 1.2.1 343.44 OK
r-devel-windows-x86_64 1.2.1 117.00 237.00 354.00 OK
r-devel-windows-x86_64-gcc10-UCRT 1.2.1 OK
r-patched-linux-x86_64 1.2.1 70.60 184.71 255.31 OK
r-patched-solaris-x86 1.2.1 395.30 OK
r-release-linux-x86_64 1.2.1 75.39 183.12 258.51 OK
r-release-macos-arm64 1.2.1 NOTE
r-release-macos-x86_64 1.2.1 NOTE
r-release-windows-ix86+x86_64 1.2.1 195.00 333.00 528.00 NOTE
r-oldrel-macos-x86_64 1.2.1 NOTE
r-oldrel-windows-ix86+x86_64 1.2.1 195.00 357.00 552.00 NOTE

Check Details

Version: 1.2.1
Check: installed package size
Result: NOTE
     installed size is 5.1Mb
     sub-directories of 1Mb or more:
     data 2.0Mb
     libs 2.2Mb
Flavors: r-devel-linux-x86_64-fedora-clang, r-release-macos-arm64, r-release-macos-x86_64, r-release-windows-ix86+x86_64, r-oldrel-macos-x86_64, r-oldrel-windows-ix86+x86_64