CRAN Package Check Results for Package simPop

Last updated on 2021-10-28 16:50:39 CEST.

Flavor Version Tinstall Tcheck Ttotal Status Flags
r-devel-linux-x86_64-debian-clang 1.2.1 78.47 191.31 269.78 OK
r-devel-linux-x86_64-debian-gcc 1.2.1 60.05 144.47 204.52 OK
r-devel-linux-x86_64-fedora-clang 1.2.1 363.12 OK
r-devel-linux-x86_64-fedora-gcc 1.2.1 337.63 OK
r-devel-windows-x86_64 1.2.1 113.00 183.00 296.00 OK
r-devel-windows-x86_64-gcc10-UCRT 1.2.1 OK
r-patched-linux-x86_64 1.2.1 72.51 184.37 256.88 OK
r-patched-solaris-x86 1.2.1 419.20 OK
r-release-linux-x86_64 1.2.1 72.89 183.65 256.54 OK
r-release-macos-arm64 1.2.1 NOTE
r-release-macos-x86_64 1.2.1 NOTE
r-release-windows-ix86+x86_64 1.2.1 147.00 339.00 486.00 NOTE
r-oldrel-macos-x86_64 1.2.1 NOTE
r-oldrel-windows-ix86+x86_64 1.2.1 144.00 307.00 451.00 NOTE

Check Details

Version: 1.2.1
Check: installed package size
Result: NOTE
     installed size is 5.6Mb
     sub-directories of 1Mb or more:
     data 2.0Mb
     libs 2.7Mb
Flavors: r-release-macos-arm64, r-release-macos-x86_64, r-release-windows-ix86+x86_64, r-oldrel-macos-x86_64, r-oldrel-windows-ix86+x86_64