CRAN Package Check Results for Package sigQC

Last updated on 2021-09-19 16:49:25 CEST.

Flavor Version Tinstall Tcheck Ttotal Status Flags
r-devel-linux-x86_64-debian-clang 0.1.22 6.69 57.23 63.92 OK
r-devel-linux-x86_64-debian-gcc 0.1.22 5.51 43.16 48.67 OK
r-devel-linux-x86_64-fedora-clang 0.1.22 84.68 NOTE
r-devel-linux-x86_64-fedora-gcc 0.1.22 74.94 NOTE
r-devel-windows-x86_64 0.1.22 9.00 75.00 84.00 OK
r-devel-windows-x86_64-gcc10-UCRT 0.1.22 ERROR
r-patched-linux-x86_64 0.1.22 6.11 54.80 60.91 OK
r-patched-solaris-x86 0.1.22 106.70 NOTE
r-release-linux-x86_64 0.1.22 5.33 54.38 59.71 OK
r-release-macos-arm64 0.1.22 NOTE
r-release-macos-x86_64 0.1.22 ERROR
r-release-windows-ix86+x86_64 0.1.22 13.00 60.00 73.00 OK
r-oldrel-macos-x86_64 0.1.22 ERROR
r-oldrel-windows-ix86+x86_64 0.1.22 13.00 53.00 66.00 OK

Check Details

Version: 0.1.22
Check: dependencies in R code
Result: NOTE
    Namespaces in Imports field not imported from:
     ‘KernSmooth’ ‘MASS’ ‘class’ ‘cluster’ ‘lattice’ ‘nnet’
     All declared Imports should be used.
Flavors: r-devel-linux-x86_64-fedora-clang, r-devel-linux-x86_64-fedora-gcc, r-devel-windows-x86_64-gcc10-UCRT, r-patched-solaris-x86, r-release-macos-arm64

Version: 0.1.22
Check: whether package can be installed
Result: WARN
    Found the following significant warnings:
     WARNING: installation-time patches will not be applied, could not get the patches index
Flavor: r-devel-windows-x86_64-gcc10-UCRT

Version: 0.1.22
Check: PDF version of manual
Result: WARN
    LaTeX errors when creating PDF version.
    This typically indicates Rd problems.
Flavor: r-devel-windows-x86_64-gcc10-UCRT

Version: 0.1.22
Check: PDF version of manual without hyperrefs or index
Result: ERROR
    Re-running with no redirection of stdout/stderr.
Flavor: r-devel-windows-x86_64-gcc10-UCRT

Version: 0.1.22
Check: package dependencies
Result: ERROR
    Package required but not available: ‘RankProd’
    
    See section ‘The DESCRIPTION file’ in the ‘Writing R Extensions’
    manual.
Flavors: r-release-macos-x86_64, r-oldrel-macos-x86_64