CRAN Package Check Results for Package sift

Last updated on 2022-01-25 00:50:02 CET.

Flavor Version Tinstall Tcheck Ttotal Status Flags
r-devel-linux-x86_64-debian-clang 0.1.0 9.69 68.56 78.25 OK
r-devel-linux-x86_64-debian-gcc 0.1.0 5.98 51.92 57.90 OK
r-devel-linux-x86_64-fedora-clang 0.1.0 94.81 NOTE
r-devel-linux-x86_64-fedora-gcc 0.1.0 83.52 NOTE
r-devel-windows-x86_64-new-UL 0.1.0 44.00 109.00 153.00 OK
r-devel-windows-x86_64-new-TK 0.1.0 NOTE
r-patched-linux-x86_64 0.1.0 8.77 63.96 72.73 OK
r-release-linux-x86_64 0.1.0 8.41 63.40 71.81 OK
r-release-macos-arm64 0.1.0 NOTE
r-release-macos-x86_64 0.1.0 NOTE
r-release-windows-ix86+x86_64 0.1.0 24.00 102.00 126.00 OK
r-oldrel-macos-x86_64 0.1.0 NOTE
r-oldrel-windows-ix86+x86_64 0.1.0 24.00 108.00 132.00 OK

Check Details

Version: 0.1.0
Check: data for non-ASCII characters
Result: NOTE
     Note: found 1231 marked UTF-8 strings
Flavors: r-devel-linux-x86_64-fedora-clang, r-devel-linux-x86_64-fedora-gcc, r-devel-windows-x86_64-new-TK, r-release-macos-arm64, r-release-macos-x86_64, r-oldrel-macos-x86_64