CRAN Package Check Results for Package sidrar

Last updated on 2021-07-29 19:52:41 CEST.

Flavor Version Tinstall Tcheck Ttotal Status Flags
r-devel-linux-x86_64-debian-clang 0.2.5 OK
r-devel-linux-x86_64-debian-gcc 0.2.5 1.89 19.05 20.94 WARN
r-devel-linux-x86_64-fedora-clang 0.2.5 53.62 OK
r-devel-linux-x86_64-fedora-gcc 0.2.5 42.39 OK
r-devel-windows-x86_64 0.2.5 4.00 51.00 55.00 OK
r-devel-windows-x86_64-gcc10-UCRT 0.2.5 OK
r-patched-linux-x86_64 0.2.5 2.56 32.94 35.50 OK
r-patched-solaris-x86 0.2.5 71.10 OK
r-release-linux-x86_64 0.2.5 2.62 23.96 26.58 WARN
r-release-macos-arm64 0.2.5 OK
r-release-macos-x86_64 0.2.5 OK
r-release-windows-ix86+x86_64 0.2.5 5.00 49.00 54.00 OK
r-oldrel-macos-x86_64 0.2.5 OK
r-oldrel-windows-ix86+x86_64 0.2.5 4.00 53.00 57.00 OK

Additional issues

gcc11

Check Details

Version: 0.2.5
Check: re-building of vignette outputs
Result: WARN
    Error(s) in re-building vignettes:
     ...
    --- re-building ‘Introduction_to_sidrar.Rmd’ using rmarkdown
    Quitting from lines 72-85 (Introduction_to_sidrar.Rmd)
    Error: processing vignette 'Introduction_to_sidrar.Rmd' failed with diagnostics:
    missing value where TRUE/FALSE needed
    --- failed re-building ‘Introduction_to_sidrar.Rmd’
    
    SUMMARY: processing the following file failed:
     ‘Introduction_to_sidrar.Rmd’
    
    Error: Vignette re-building failed.
    Execution halted
Flavors: r-devel-linux-x86_64-debian-gcc, r-release-linux-x86_64