CRAN Package Check Results for Package shrinkDSM

Last updated on 2022-01-22 00:48:39 CET.

Flavor Version Tinstall Tcheck Ttotal Status Flags
r-devel-linux-x86_64-debian-clang 0.1.0 78.38 49.01 127.39 OK
r-devel-linux-x86_64-debian-gcc 0.1.0 64.27 37.78 102.05 OK
r-devel-linux-x86_64-fedora-clang 0.1.0 187.71 OK
r-devel-linux-x86_64-fedora-gcc 0.1.0 166.13 OK
r-devel-windows-x86_64-new-UL 0.1.0 92.00 89.00 181.00 OK
r-devel-windows-x86_64-new-TK 0.1.0 OK
r-patched-linux-x86_64 0.1.0 80.13 47.37 127.50 OK
r-release-linux-x86_64 0.1.0 72.67 46.31 118.98 OK
r-release-macos-arm64 0.1.0 NOTE
r-release-macos-x86_64 0.1.0 OK
r-release-windows-ix86+x86_64 0.1.0 202.00 91.00 293.00 OK
r-oldrel-macos-x86_64 0.1.0 OK
r-oldrel-windows-ix86+x86_64 0.1.0 196.00 91.00 287.00 OK

Check Details

Version: 0.1.0
Check: installed package size
Result: NOTE
     installed size is 5.6Mb
     sub-directories of 1Mb or more:
     libs 5.4Mb
Flavor: r-release-macos-arm64