Last updated on 2022-07-05 05:53:02 CEST.
Flavor | Version | Tinstall | Tcheck | Ttotal | Status | Flags |
---|---|---|---|---|---|---|
r-devel-linux-x86_64-debian-clang | 1.0 | 3.07 | 41.87 | 44.94 | OK | |
r-devel-linux-x86_64-debian-gcc | 1.0 | 2.42 | 32.75 | 35.17 | OK | |
r-devel-linux-x86_64-fedora-clang | 1.0 | 64.25 | WARN | |||
r-devel-linux-x86_64-fedora-gcc | 1.0 | 63.23 | WARN | |||
r-devel-windows-x86_64 | 1.0 | 12.00 | 71.00 | 83.00 | OK | |
r-patched-linux-x86_64 | 1.0 | 3.25 | 40.21 | 43.46 | OK | |
r-release-linux-x86_64 | 1.0 | 3.04 | 40.39 | 43.43 | OK | |
r-release-macos-arm64 | 1.0 | 27.00 | OK | |||
r-release-macos-x86_64 | 1.0 | 31.00 | OK | |||
r-release-windows-x86_64 | 1.0 | 14.00 | 73.00 | 87.00 | OK | |
r-oldrel-macos-arm64 | 1.0 | 30.00 | OK | |||
r-oldrel-macos-x86_64 | 1.0 | 45.00 | OK | |||
r-oldrel-windows-ix86+x86_64 | 1.0 | 7.00 | 73.00 | 80.00 | OK |
Version: 1.0
Check: package dependencies
Result: WARN
Requires (indirectly) orphaned package: ‘gtools’
Flavors: r-devel-linux-x86_64-fedora-clang, r-devel-linux-x86_64-fedora-gcc