CRAN Package Check Results for Package shinymodels

Last updated on 2022-07-06 05:54:12 CEST.

Flavor Version Tinstall Tcheck Ttotal Status Flags
r-devel-linux-x86_64-debian-clang 0.1.0 23.79 166.07 189.86 OK
r-devel-linux-x86_64-debian-gcc 0.1.0 17.15 125.99 143.14 OK
r-devel-linux-x86_64-fedora-clang 0.1.0 241.59 NOTE
r-devel-linux-x86_64-fedora-gcc 0.1.0 251.81 OK
r-devel-windows-x86_64 0.1.0 138.00 179.00 317.00 OK
r-patched-linux-x86_64 0.1.0 20.31 159.16 179.47 OK
r-release-linux-x86_64 0.1.0 15.55 157.33 172.88 OK
r-release-macos-arm64 0.1.0 75.00 OK
r-release-macos-x86_64 0.1.0 108.00 OK
r-release-windows-x86_64 0.1.0 99.00 193.00 292.00 OK
r-oldrel-macos-arm64 0.1.0 65.00 OK
r-oldrel-macos-x86_64 0.1.0 83.00 OK
r-oldrel-windows-ix86+x86_64 0.1.0 43.00 181.00 224.00 OK

Check Details

Version: 0.1.0
Check: Rd cross-references
Result: NOTE
    Undeclared package ‘finetune’ in Rd xrefs
Flavor: r-devel-linux-x86_64-fedora-clang