CRAN Package Check Results for Package shinymaterial

Last updated on 2022-07-04 05:50:17 CEST.

Flavor Version Tinstall Tcheck Ttotal Status Flags
r-devel-linux-x86_64-debian-clang 1.2.0 2.79 31.97 34.76 NOTE
r-devel-linux-x86_64-debian-gcc 1.2.0 2.94 24.85 27.79 NOTE
r-devel-linux-x86_64-fedora-clang 1.2.0 53.52 NOTE
r-devel-linux-x86_64-fedora-gcc 1.2.0 51.73 NOTE
r-devel-windows-x86_64 1.2.0 148.00 69.00 217.00 NOTE
r-patched-linux-x86_64 1.2.0 4.35 31.26 35.61 NOTE
r-release-linux-x86_64 1.2.0 2.70 31.01 33.71 NOTE
r-release-macos-arm64 1.2.0 19.00 NOTE
r-release-macos-x86_64 1.2.0 27.00 NOTE
r-release-windows-x86_64 1.2.0 171.00 62.00 233.00 NOTE
r-oldrel-macos-arm64 1.2.0 26.00 NOTE
r-oldrel-macos-x86_64 1.2.0 36.00 NOTE
r-oldrel-windows-ix86+x86_64 1.2.0 10.00 51.00 61.00 NOTE

Check Details

Version: 1.2.0
Check: LazyData
Result: NOTE
     'LazyData' is specified without a 'data' directory
Flavors: r-devel-linux-x86_64-debian-clang, r-devel-linux-x86_64-debian-gcc, r-devel-linux-x86_64-fedora-clang, r-devel-linux-x86_64-fedora-gcc, r-devel-windows-x86_64, r-patched-linux-x86_64, r-release-linux-x86_64, r-release-macos-arm64, r-release-macos-x86_64, r-release-windows-x86_64, r-oldrel-macos-arm64, r-oldrel-macos-x86_64, r-oldrel-windows-ix86+x86_64