CRAN Package Check Results for Package shinydrive

Last updated on 2021-09-23 16:50:40 CEST.

Flavor Version Tinstall Tcheck Ttotal Status Flags
r-devel-linux-x86_64-debian-clang 0.1.1 5.55 45.18 50.73 NOTE
r-devel-linux-x86_64-debian-gcc 0.1.1 4.28 35.35 39.63 NOTE
r-devel-linux-x86_64-fedora-clang 0.1.1 67.99 NOTE
r-devel-linux-x86_64-fedora-gcc 0.1.1 58.42 NOTE
r-devel-windows-x86_64 0.1.1 8.00 56.00 64.00 NOTE
r-devel-windows-x86_64-gcc10-UCRT 0.1.1 NOTE
r-patched-linux-x86_64 0.1.1 4.99 43.72 48.71 NOTE
r-patched-solaris-x86 0.1.1 89.10 NOTE
r-release-linux-x86_64 0.1.1 5.67 43.63 49.30 NOTE
r-release-macos-arm64 0.1.1 NOTE
r-release-macos-x86_64 0.1.1 NOTE
r-release-windows-ix86+x86_64 0.1.1 12.00 54.00 66.00 NOTE
r-oldrel-macos-x86_64 0.1.1 OK
r-oldrel-windows-ix86+x86_64 0.1.1 11.00 52.00 63.00 OK

Check Details

Version: 0.1.1
Check: LazyData
Result: NOTE
     'LazyData' is specified without a 'data' directory
Flavors: r-devel-linux-x86_64-debian-clang, r-devel-linux-x86_64-debian-gcc, r-devel-linux-x86_64-fedora-clang, r-devel-linux-x86_64-fedora-gcc, r-devel-windows-x86_64, r-devel-windows-x86_64-gcc10-UCRT, r-patched-linux-x86_64, r-patched-solaris-x86, r-release-linux-x86_64, r-release-macos-arm64, r-release-macos-x86_64, r-release-windows-ix86+x86_64