CRAN Package Check Results for Package shinybrms

Last updated on 2021-12-01 23:51:51 CET.

Flavor Version Tinstall Tcheck Ttotal Status Flags
r-devel-linux-x86_64-debian-clang 1.6.0 2.65 27.32 29.97 NOTE
r-devel-linux-x86_64-debian-gcc 1.6.0 2.04 21.87 23.91 NOTE
r-devel-linux-x86_64-fedora-clang 1.6.0 48.51 NOTE
r-devel-linux-x86_64-fedora-gcc 1.6.0 36.52 NOTE
r-devel-windows-x86_64-new-UL 1.6.0 11.00 68.00 79.00 NOTE
r-devel-windows-x86_64-new-TK 1.6.0 NOTE
r-devel-windows-x86_64-old 1.6.0 9.00 40.00 49.00 NOTE
r-patched-linux-x86_64 1.6.0 2.64 26.44 29.08 NOTE
r-patched-solaris-x86 1.6.0 63.40 NOTE
r-release-linux-x86_64 1.6.0 2.35 26.72 29.07 NOTE
r-release-macos-arm64 1.6.0 NOTE
r-release-macos-x86_64 1.6.0 NOTE
r-release-windows-ix86+x86_64 1.6.0 8.00 49.00 57.00 NOTE
r-oldrel-macos-x86_64 1.6.0 NOTE
r-oldrel-windows-ix86+x86_64 1.6.0 8.00 50.00 58.00 NOTE

Check Details

Version: 1.6.0
Check: package dependencies
Result: NOTE
    Package suggested but not available for checking: 'cmdstanr'
Flavors: r-devel-linux-x86_64-debian-clang, r-devel-linux-x86_64-debian-gcc, r-devel-linux-x86_64-fedora-clang, r-devel-linux-x86_64-fedora-gcc, r-devel-windows-x86_64-new-UL, r-devel-windows-x86_64-new-TK, r-devel-windows-x86_64-old, r-patched-linux-x86_64, r-patched-solaris-x86, r-release-linux-x86_64, r-release-macos-arm64, r-release-macos-x86_64, r-release-windows-ix86+x86_64, r-oldrel-macos-x86_64, r-oldrel-windows-ix86+x86_64

Version: 1.6.0
Check: dependencies in R code
Result: NOTE
    Namespace in Imports field not imported from: ‘rlang’
     All declared Imports should be used.
Flavors: r-devel-linux-x86_64-fedora-clang, r-devel-linux-x86_64-fedora-gcc, r-devel-windows-x86_64-new-TK, r-patched-solaris-x86, r-release-macos-arm64, r-release-macos-x86_64, r-oldrel-macos-x86_64