CRAN Package Check Results for Package shinyTime

Last updated on 2021-09-26 16:49:28 CEST.

Flavor Version Tinstall Tcheck Ttotal Status Flags
r-devel-linux-x86_64-debian-clang 1.0.1 2.90 34.37 37.27 NOTE
r-devel-linux-x86_64-debian-gcc 1.0.1 2.52 27.12 29.64 NOTE
r-devel-linux-x86_64-fedora-clang 1.0.1 53.97 NOTE
r-devel-linux-x86_64-fedora-gcc 1.0.1 43.84 NOTE
r-devel-windows-x86_64 1.0.1 5.00 44.00 49.00 NOTE
r-devel-windows-x86_64-gcc10-UCRT NOTE
r-patched-linux-x86_64 1.0.1 3.32 33.31 36.63 NOTE
r-patched-solaris-x86 1.0.1 68.40 NOTE
r-release-linux-x86_64 1.0.1 2.99 33.06 36.05 NOTE
r-release-macos-arm64 1.0.1 NOTE
r-release-macos-x86_64 1.0.1 NOTE
r-release-windows-ix86+x86_64 1.0.1 8.00 43.00 51.00 NOTE
r-oldrel-macos-x86_64 1.0.1 OK
r-oldrel-windows-ix86+x86_64 1.0.1 7.00 42.00 49.00 OK

Check Details

Version: 1.0.1
Check: LazyData
Result: NOTE
     'LazyData' is specified without a 'data' directory
Flavors: r-devel-linux-x86_64-debian-clang, r-devel-linux-x86_64-debian-gcc, r-devel-linux-x86_64-fedora-clang, r-devel-linux-x86_64-fedora-gcc, r-devel-windows-x86_64, r-devel-windows-x86_64-gcc10-UCRT, r-patched-linux-x86_64, r-patched-solaris-x86, r-release-linux-x86_64, r-release-macos-arm64, r-release-macos-x86_64, r-release-windows-ix86+x86_64