CRAN Package Check Results for Package shinyPredict

Last updated on 2021-09-26 16:49:28 CEST.

Flavor Version Tinstall Tcheck Ttotal Status Flags
r-devel-linux-x86_64-debian-clang 0.1.1 1.99 20.49 22.48 NOTE
r-devel-linux-x86_64-debian-gcc 0.1.1 1.45 16.55 18.00 NOTE
r-devel-linux-x86_64-fedora-clang 0.1.1 36.66 NOTE
r-devel-linux-x86_64-fedora-gcc 0.1.1 26.04 NOTE
r-devel-windows-x86_64 0.1.1 5.00 28.00 33.00 NOTE
r-devel-windows-x86_64-gcc10-UCRT 0.1.1 NOTE
r-patched-linux-x86_64 0.1.1 1.98 20.00 21.98 NOTE
r-patched-solaris-x86 0.1.1 41.90 NOTE
r-release-linux-x86_64 0.1.1 1.78 20.40 22.18 NOTE
r-release-macos-arm64 0.1.1 NOTE
r-release-macos-x86_64 0.1.1 NOTE
r-release-windows-ix86+x86_64 0.1.1 4.00 30.00 34.00 NOTE
r-oldrel-macos-x86_64 0.1.1 OK
r-oldrel-windows-ix86+x86_64 0.1.1 19.00 29.00 48.00 OK

Check Details

Version: 0.1.1
Check: LazyData
Result: NOTE
     'LazyData' is specified without a 'data' directory
Flavors: r-devel-linux-x86_64-debian-clang, r-devel-linux-x86_64-debian-gcc, r-devel-linux-x86_64-fedora-clang, r-devel-linux-x86_64-fedora-gcc, r-devel-windows-x86_64, r-devel-windows-x86_64-gcc10-UCRT, r-patched-linux-x86_64, r-patched-solaris-x86, r-release-linux-x86_64, r-release-macos-arm64, r-release-macos-x86_64, r-release-windows-ix86+x86_64