CRAN Package Check Results for Package shinyPredict

Last updated on 2022-08-15 21:54:48 CEST.

Flavor Version Tinstall Tcheck Ttotal Status Flags
r-devel-linux-x86_64-debian-clang 0.1.1 1.90 21.28 23.18 NOTE
r-devel-linux-x86_64-debian-gcc 0.1.1 1.50 16.26 17.76 NOTE
r-devel-linux-x86_64-fedora-clang 0.1.1 38.64 NOTE
r-devel-linux-x86_64-fedora-gcc 0.1.1 39.66 NOTE
r-devel-windows-x86_64 0.1.1 11.00 47.00 58.00 NOTE
r-patched-linux-x86_64 0.1.1 1.83 20.84 22.67 NOTE
r-release-linux-x86_64 0.1.1 1.99 20.88 22.87 NOTE
r-release-macos-arm64 0.1.1 16.00 NOTE
r-release-macos-x86_64 0.1.1 20.00 NOTE
r-release-windows-x86_64 0.1.1 11.00 48.00 59.00 NOTE
r-oldrel-macos-arm64 0.1.1 18.00 NOTE
r-oldrel-macos-x86_64 0.1.1 23.00 NOTE
r-oldrel-windows-ix86+x86_64 0.1.1 5.00 49.00 54.00 NOTE

Check Details

Version: 0.1.1
Check: LazyData
Result: NOTE
     'LazyData' is specified without a 'data' directory
Flavors: r-devel-linux-x86_64-debian-clang, r-devel-linux-x86_64-debian-gcc, r-devel-linux-x86_64-fedora-clang, r-devel-linux-x86_64-fedora-gcc, r-devel-windows-x86_64, r-patched-linux-x86_64, r-release-linux-x86_64, r-release-macos-arm64, r-release-macos-x86_64, r-release-windows-x86_64, r-oldrel-macos-arm64, r-oldrel-macos-x86_64, r-oldrel-windows-ix86+x86_64