CRAN Package Check Results for Package shinyChakraUI

Last updated on 2021-12-09 11:51:43 CET.

Flavor Version Tinstall Tcheck Ttotal Status Flags
r-devel-linux-x86_64-debian-clang 1.0.0 7.41 51.09 58.50 OK
r-devel-linux-x86_64-debian-gcc 1.0.0 4.25 40.54 44.79 OK
r-devel-linux-x86_64-fedora-clang 1.0.0 69.78 NOTE
r-devel-linux-x86_64-fedora-gcc 1.0.0 57.99 OK
r-devel-windows-x86_64-new-UL 1.0.0 22.00 88.00 110.00 NOTE
r-devel-windows-x86_64-new-TK 1.0.0 OK
r-devel-windows-x86_64-old 1.0.0 14.00 51.00 65.00 NOTE
r-patched-linux-x86_64 1.0.0 6.42 49.60 56.02 OK
r-release-linux-x86_64 1.0.0 5.63 49.79 55.42 OK
r-release-macos-arm64 1.0.0 NOTE
r-release-macos-x86_64 1.0.0 NOTE
r-release-windows-ix86+x86_64 1.0.0 14.00 70.00 84.00 NOTE
r-oldrel-macos-x86_64 1.0.0 NOTE
r-oldrel-windows-ix86+x86_64 1.0.0 15.00 70.00 85.00 NOTE

Check Details

Version: 1.0.0
Check: installed package size
Result: NOTE
     installed size is 16.9Mb
     sub-directories of 1Mb or more:
     www 16.5Mb
Flavors: r-devel-linux-x86_64-fedora-clang, r-devel-windows-x86_64-new-UL, r-devel-windows-x86_64-old, r-release-macos-arm64, r-release-macos-x86_64, r-release-windows-ix86+x86_64, r-oldrel-macos-x86_64, r-oldrel-windows-ix86+x86_64