CRAN Package Check Results for Package shinyBS

Last updated on 2021-06-23 09:55:14 CEST.

Flavor Version Tinstall Tcheck Ttotal Status Flags
r-devel-linux-x86_64-debian-clang 0.61 3.72 33.70 37.42 NOTE
r-devel-linux-x86_64-debian-gcc 0.61 2.72 26.92 29.64 NOTE
r-devel-linux-x86_64-fedora-clang 0.61 54.31 NOTE
r-devel-linux-x86_64-fedora-gcc 0.61 44.08 NOTE
r-devel-windows-x86_64 0.61 6.00 56.00 62.00 NOTE
r-devel-windows-x86_64-gcc10-UCRT 0.61 NOTE
r-patched-linux-x86_64 0.61 6.82 32.65 39.47 NOTE
r-patched-solaris-x86 0.61 66.10 NOTE
r-release-linux-x86_64 0.61 3.58 32.77 36.35 NOTE
r-release-macos-arm64 0.61 NOTE
r-release-macos-x86_64 0.61 NOTE
r-release-windows-ix86+x86_64 0.61 6.00 50.00 56.00 NOTE
r-oldrel-macos-x86_64 0.61 NOTE

Check Details

Version: 0.61
Check: R code for possible problems
Result: NOTE
    popify: no visible global function definition for 'runif'
    tipify: no visible global function definition for 'runif'
    Undefined global functions or variables:
     runif
    Consider adding
     importFrom("stats", "runif")
    to your NAMESPACE file.
Flavors: r-devel-linux-x86_64-debian-clang, r-devel-linux-x86_64-debian-gcc, r-devel-linux-x86_64-fedora-clang, r-devel-linux-x86_64-fedora-gcc, r-devel-windows-x86_64, r-devel-windows-x86_64-gcc10-UCRT, r-patched-linux-x86_64, r-patched-solaris-x86, r-release-linux-x86_64, r-release-macos-arm64, r-release-macos-x86_64, r-release-windows-ix86+x86_64, r-oldrel-macos-x86_64