CRAN Package Check Results for Package shinyAce

Last updated on 2021-09-28 16:50:35 CEST.

Flavor Version Tinstall Tcheck Ttotal Status Flags
r-devel-linux-x86_64-debian-clang 0.4.1 5.01 43.04 48.05 OK
r-devel-linux-x86_64-debian-gcc 0.4.1 4.41 34.33 38.74 OK
r-devel-linux-x86_64-fedora-clang 0.4.1 65.28 NOTE
r-devel-linux-x86_64-fedora-gcc 0.4.1 65.30 OK
r-devel-windows-x86_64 0.4.1 8.00 48.00 56.00 NOTE
r-devel-windows-x86_64-gcc10-UCRT 0.4.1 OK
r-patched-linux-x86_64 0.4.1 6.04 41.25 47.29 OK
r-patched-solaris-x86 0.4.1 86.80 NOTE
r-release-linux-x86_64 0.4.1 5.34 41.90 47.24 OK
r-release-macos-arm64 0.4.1 NOTE
r-release-macos-x86_64 0.4.1 NOTE
r-release-windows-ix86+x86_64 0.4.1 13.00 48.00 61.00 NOTE
r-oldrel-macos-x86_64 0.4.1 NOTE
r-oldrel-windows-ix86+x86_64 0.4.1 12.00 46.00 58.00 NOTE

Check Details

Version: 0.4.1
Check: installed package size
Result: NOTE
     installed size is 8.2Mb
     sub-directories of 1Mb or more:
     www 7.7Mb
Flavors: r-devel-linux-x86_64-fedora-clang, r-devel-windows-x86_64, r-patched-solaris-x86, r-release-macos-arm64, r-release-macos-x86_64, r-release-windows-ix86+x86_64, r-oldrel-macos-x86_64, r-oldrel-windows-ix86+x86_64