Last updated on 2022-07-06 05:54:12 CEST.
Flavor | Version | Tinstall | Tcheck | Ttotal | Status | Flags |
---|---|---|---|---|---|---|
r-devel-linux-x86_64-debian-clang | 1.7.1 | 42.54 | 154.60 | 197.14 | OK | |
r-devel-linux-x86_64-debian-gcc | 1.7.1 | 33.33 | 115.34 | 148.67 | OK | |
r-devel-linux-x86_64-fedora-clang | 1.7.1 | 261.71 | NOTE | |||
r-devel-linux-x86_64-fedora-gcc | 1.7.1 | 273.41 | OK | |||
r-devel-windows-x86_64 | 1.7.1 | 358.00 | 221.00 | 579.00 | NOTE | |
r-patched-linux-x86_64 | 1.7.1 | 46.10 | 144.71 | 190.81 | OK | |
r-release-linux-x86_64 | 1.7.1 | 38.48 | 147.86 | 186.34 | OK | |
r-release-macos-arm64 | 1.7.1 | 76.00 | NOTE | |||
r-release-macos-x86_64 | 1.7.1 | 99.00 | NOTE | |||
r-release-windows-x86_64 | 1.7.1 | 119.00 | 211.00 | 330.00 | NOTE | |
r-oldrel-macos-arm64 | 1.7.1 | 80.00 | NOTE | |||
r-oldrel-macos-x86_64 | 1.7.1 | 94.00 | NOTE | |||
r-oldrel-windows-ix86+x86_64 | 1.7.1 | 65.00 | 203.00 | 268.00 | NOTE |
Version: 1.7.1
Check: installed package size
Result: NOTE
installed size is 10.2Mb
sub-directories of 1Mb or more:
R 1.6Mb
www 7.2Mb
Flavors: r-devel-linux-x86_64-fedora-clang, r-devel-windows-x86_64, r-release-macos-arm64, r-release-macos-x86_64, r-release-windows-x86_64, r-oldrel-macos-arm64, r-oldrel-macos-x86_64, r-oldrel-windows-ix86+x86_64