CRAN Package Check Results for Package shinipsum

Last updated on 2021-11-28 11:48:58 CET.

Flavor Version Tinstall Tcheck Ttotal Status Flags
r-devel-linux-x86_64-debian-clang 0.1.0 OK
r-devel-linux-x86_64-debian-gcc 0.1.0 5.45 54.58 60.03 OK
r-devel-linux-x86_64-fedora-clang 0.1.0 104.65 NOTE
r-devel-linux-x86_64-fedora-gcc 0.1.0 91.57 NOTE
r-devel-windows-x86_64-new-UL 0.1.0 16.00 113.00 129.00 OK
r-devel-windows-x86_64-new-TK 0.1.0 NOTE
r-devel-windows-x86_64-old 0.1.0 10.00 114.00 124.00 OK
r-patched-linux-x86_64 0.1.0 6.85 67.52 74.37 OK
r-patched-solaris-x86 0.1.0 130.50 NOTE
r-release-linux-x86_64 0.1.0 7.04 67.78 74.82 OK
r-release-macos-arm64 0.1.0 NOTE
r-release-macos-x86_64 0.1.0 NOTE
r-release-windows-ix86+x86_64 0.1.0 20.00 69.00 89.00 OK
r-oldrel-macos-x86_64 0.1.0 NOTE
r-oldrel-windows-ix86+x86_64 0.1.0 17.00 111.00 128.00 OK

Check Details

Version: 0.1.0
Check: dependencies in R code
Result: NOTE
    Namespace in Imports field not imported from: ‘utils’
     All declared Imports should be used.
Flavors: r-devel-linux-x86_64-fedora-clang, r-devel-linux-x86_64-fedora-gcc, r-devel-windows-x86_64-new-TK, r-patched-solaris-x86, r-release-macos-arm64, r-release-macos-x86_64, r-oldrel-macos-x86_64