CRAN Package Check Results for Package sharp

Last updated on 2022-10-04 11:50:24 CEST.

Flavor Version Tinstall Tcheck Ttotal Status Flags
r-devel-linux-x86_64-debian-clang 1.2.0 7.77 356.81 364.58 OK
r-devel-linux-x86_64-debian-gcc 1.2.0 7.34 245.81 253.15 OK
r-devel-linux-x86_64-fedora-clang 1.2.0 462.66 NOTE
r-devel-linux-x86_64-fedora-gcc 1.2.0 463.30 NOTE
r-devel-windows-x86_64 1.2.0 14.00 360.00 374.00 OK
r-patched-linux-x86_64 1.2.0 12.96 340.27 353.23 OK
r-release-linux-x86_64 1.2.0 7.20 332.73 339.93 OK
r-release-macos-arm64 1.2.0 97.00 NOTE
r-release-macos-x86_64 1.2.0 129.00 NOTE
r-release-windows-x86_64 1.2.0 49.00 346.00 395.00 OK
r-oldrel-macos-arm64 1.2.0 79.00 NOTE
r-oldrel-macos-x86_64 1.2.0 130.00 NOTE
r-oldrel-windows-ix86+x86_64 1.2.0 18.00 396.00 414.00 OK

Check Details

Version: 1.2.0
Check: dependencies in R code
Result: NOTE
    Namespaces in Imports field not imported from:
     ‘MASS’ ‘huge’
     All declared Imports should be used.
Flavors: r-devel-linux-x86_64-fedora-clang, r-devel-linux-x86_64-fedora-gcc, r-release-macos-arm64, r-release-macos-x86_64, r-oldrel-macos-arm64, r-oldrel-macos-x86_64