CRAN Package Check Results for Package shapper

Last updated on 2021-07-24 19:50:32 CEST.

Flavor Version Tinstall Tcheck Ttotal Status Flags
r-devel-linux-x86_64-debian-clang 0.1.3 9.84 89.99 99.83 NOTE
r-devel-linux-x86_64-debian-gcc 0.1.3 7.52 68.81 76.33 NOTE
r-devel-linux-x86_64-fedora-clang 0.1.3 134.63 NOTE
r-devel-linux-x86_64-fedora-gcc 0.1.3 123.02 NOTE
r-devel-windows-x86_64 0.1.3 13.00 88.00 101.00 NOTE
r-devel-windows-x86_64-gcc10-UCRT 0.1.3 NOTE
r-patched-linux-x86_64 0.1.3 9.27 83.70 92.97 NOTE
r-patched-solaris-x86 0.1.3 174.90 NOTE
r-release-linux-x86_64 0.1.3 7.72 84.17 91.89 NOTE
r-release-macos-arm64 0.1.3 NOTE
r-release-macos-x86_64 0.1.3 NOTE
r-release-windows-ix86+x86_64 0.1.3 23.00 90.00 113.00 NOTE
r-oldrel-macos-x86_64 0.1.3 OK
r-oldrel-windows-ix86+x86_64 0.1.3 14.00 115.00 129.00 OK

Check Details

Version: 0.1.3
Check: LazyData
Result: NOTE
     'LazyData' is specified without a 'data' directory
Flavors: r-devel-linux-x86_64-debian-clang, r-devel-linux-x86_64-debian-gcc, r-devel-linux-x86_64-fedora-clang, r-devel-linux-x86_64-fedora-gcc, r-devel-windows-x86_64, r-devel-windows-x86_64-gcc10-UCRT, r-patched-linux-x86_64, r-patched-solaris-x86, r-release-linux-x86_64, r-release-macos-arm64, r-release-macos-x86_64, r-release-windows-ix86+x86_64