CRAN Package Check Results for Package shapeR

Last updated on 2021-09-21 16:51:50 CEST.

Flavor Version Tinstall Tcheck Ttotal Status Flags
r-devel-linux-x86_64-debian-clang 0.1-5 9.60 94.70 104.30 NOTE
r-devel-linux-x86_64-debian-gcc 0.1-5 9.14 76.15 85.29 NOTE
r-devel-linux-x86_64-fedora-clang 0.1-5 133.93 NOTE
r-devel-linux-x86_64-fedora-gcc 0.1-5 123.14 NOTE
r-devel-windows-x86_64 0.1-5 14.00 90.00 104.00 NOTE
r-devel-windows-x86_64-gcc10-UCRT 0.1-5 ERROR
r-patched-linux-x86_64 0.1-5 13.64 89.47 103.11 NOTE
r-patched-solaris-x86 0.1-5 187.00 NOTE
r-release-linux-x86_64 0.1-5 10.43 90.64 101.07 NOTE
r-release-macos-arm64 0.1-5 NOTE
r-release-macos-x86_64 0.1-5 NOTE
r-release-windows-ix86+x86_64 0.1-5 24.00 91.00 115.00 NOTE
r-oldrel-macos-x86_64 0.1-5 NOTE
r-oldrel-windows-ix86+x86_64 0.1-5 24.00 84.00 108.00 NOTE

Check Details

Version: 0.1-5
Check: R code for possible problems
Result: NOTE
    .shapeR.coef.standardize.f: no visible global function definition for
     'aov'
    .shapeR.find.outline: no visible global function definition for
     'locator'
    .shapeR.find.outline: no visible global function definition for 'lines'
    .shapeR.rotate.svd: no visible global function definition for 'var'
    .shapeR.standard.coef: no visible global function definition for 'lm'
    .shapeR.variation.among : mean.var: no visible binding for global
     variable 'var'
    .shapeR.variation.among : mean.var.among: no visible global function
     definition for 'var'
    cluster.plot : <anonymous>: no visible global function definition for
     'sd'
    cluster.plot: no visible global function definition for 'points'
    cluster.plot: no visible global function definition for 'text'
    cluster.plot: no visible global function definition for 'qtukey'
    detect.outline: no visible global function definition for
     'txtProgressBar'
    detect.outline: no visible global function definition for
     'setTxtProgressBar'
    estimate.outline.reconstruction: no visible global function definition
     for 'txtProgressBar'
    estimate.outline.reconstruction: no visible global function definition
     for 'setTxtProgressBar'
    estimate.outline.reconstruction: no visible global function definition
     for 'aggregate'
    estimate.outline.reconstruction: no visible binding for global variable
     'sd'
    generateShapeCoefficients: no visible global function definition for
     'txtProgressBar'
    generateShapeCoefficients: no visible global function definition for
     'setTxtProgressBar'
    plotFourier: no visible global function definition for 'par'
    plotFourier: no visible binding for global variable 'sd'
    plotFourier: no visible global function definition for 'lines'
    plotFourier: no visible global function definition for 'axis'
    plotFourier: no visible global function definition for 'mtext'
    plotFourierShape: no visible global function definition for 'lines'
    plotFourierShape: no visible global function definition for 'legend'
    plotFourierShape: no visible global function definition for 'abline'
    plotFourierShape: no visible global function definition for 'text'
    plotWavelet: no visible global function definition for 'par'
    plotWavelet: no visible binding for global variable 'sd'
    plotWavelet: no visible global function definition for 'axis'
    plotWavelet: no visible global function definition for 'mtext'
    plotWaveletShape: no visible global function definition for 'lines'
    plotWaveletShape: no visible global function definition for 'legend'
    plotWaveletShape: no visible global function definition for 'abline'
    plotWaveletShape: no visible global function definition for 'text'
    read.master.list: no visible global function definition for 'read.csv'
    shapeR: no visible global function definition for 'read.csv'
    show.original.with.outline: no visible global function definition for
     'par'
    write.image.with.outline: no visible global function definition for
     'txtProgressBar'
    write.image.with.outline: no visible global function definition for
     'par'
    write.image.with.outline: no visible global function definition for
     'png'
    write.image.with.outline: no visible global function definition for
     'dev.off'
    write.image.with.outline: no visible global function definition for
     'setTxtProgressBar'
    Undefined global functions or variables:
     abline aggregate aov axis dev.off legend lines lm locator mtext par
     png points qtukey read.csv sd setTxtProgressBar text txtProgressBar
     var
    Consider adding
     importFrom("grDevices", "dev.off", "png")
     importFrom("graphics", "abline", "axis", "legend", "lines", "locator",
     "mtext", "par", "points", "text")
     importFrom("stats", "aggregate", "aov", "lm", "qtukey", "sd", "var")
     importFrom("utils", "read.csv", "setTxtProgressBar", "txtProgressBar")
    to your NAMESPACE file.
Flavors: r-devel-linux-x86_64-debian-clang, r-devel-linux-x86_64-debian-gcc, r-devel-linux-x86_64-fedora-clang, r-devel-linux-x86_64-fedora-gcc, r-devel-windows-x86_64, r-devel-windows-x86_64-gcc10-UCRT, r-patched-linux-x86_64, r-patched-solaris-x86, r-release-linux-x86_64, r-release-macos-arm64, r-release-macos-x86_64, r-release-windows-ix86+x86_64, r-oldrel-macos-x86_64, r-oldrel-windows-ix86+x86_64

Version: 0.1-5
Check: LazyData
Result: NOTE
     'LazyDataCompression' is specified without 'LazyData'
Flavors: r-devel-linux-x86_64-debian-clang, r-devel-linux-x86_64-debian-gcc, r-devel-linux-x86_64-fedora-clang, r-devel-linux-x86_64-fedora-gcc, r-devel-windows-x86_64, r-devel-windows-x86_64-gcc10-UCRT, r-patched-linux-x86_64, r-patched-solaris-x86, r-release-linux-x86_64, r-release-macos-arm64, r-release-macos-x86_64, r-release-windows-ix86+x86_64

Version: 0.1-5
Check: whether package can be installed
Result: WARN
    Found the following significant warnings:
     WARNING: installation-time patches will not be applied, could not get the patches index
Flavor: r-devel-windows-x86_64-gcc10-UCRT

Version: 0.1-5
Check: PDF version of manual
Result: WARN
    LaTeX errors when creating PDF version.
    This typically indicates Rd problems.
Flavor: r-devel-windows-x86_64-gcc10-UCRT

Version: 0.1-5
Check: PDF version of manual without hyperrefs or index
Result: ERROR
    Re-running with no redirection of stdout/stderr.
Flavor: r-devel-windows-x86_64-gcc10-UCRT