CRAN Package Check Results for Package sglg

Last updated on 2021-06-16 21:51:56 CEST.

Flavor Version Tinstall Tcheck Ttotal Status Flags
r-devel-linux-x86_64-debian-clang 0.1.9 13.57 118.03 131.60 NOTE
r-devel-linux-x86_64-debian-gcc 0.1.9 11.07 87.62 98.69 NOTE
r-devel-linux-x86_64-fedora-clang 0.1.9 162.54 NOTE
r-devel-linux-x86_64-fedora-gcc 0.1.9 150.77 NOTE
r-devel-windows-x86_64 0.1.9 21.00 145.00 166.00 NOTE
r-devel-windows-x86_64-gcc10-UCRT 0.1.9 NOTE
r-patched-linux-x86_64 0.1.9 14.90 111.98 126.88 NOTE
r-patched-solaris-x86 0.1.9 206.90 NOTE
r-release-linux-x86_64 0.1.9 12.34 110.21 122.55 NOTE
r-release-macos-arm64 0.1.9 NOTE
r-release-macos-x86_64 0.1.9 NOTE
r-release-windows-ix86+x86_64 0.1.9 28.00 139.00 167.00 NOTE
r-oldrel-macos-x86_64 0.1.9 OK
r-oldrel-windows-ix86+x86_64 0.1.9 22.00 145.00 167.00 OK

Check Details

Version: 0.1.9
Check: LazyData
Result: NOTE
     'LazyData' is specified without a 'data' directory
Flavors: r-devel-linux-x86_64-debian-clang, r-devel-linux-x86_64-debian-gcc, r-devel-linux-x86_64-fedora-clang, r-devel-linux-x86_64-fedora-gcc, r-devel-windows-x86_64, r-devel-windows-x86_64-gcc10-UCRT, r-patched-linux-x86_64, r-patched-solaris-x86, r-release-linux-x86_64, r-release-macos-arm64, r-release-macos-x86_64, r-release-windows-ix86+x86_64