CRAN Package Check Results for Package sgPLS

Last updated on 2022-08-12 09:52:14 CEST.

Flavor Version Tinstall Tcheck Ttotal Status Flags
r-devel-linux-x86_64-debian-clang 1.7 16.38 132.21 148.59 NOTE
r-devel-linux-x86_64-debian-gcc 1.7 12.61 100.21 112.82 NOTE
r-devel-linux-x86_64-fedora-clang 1.7 187.19 NOTE
r-devel-linux-x86_64-fedora-gcc 1.7 195.71 NOTE
r-devel-windows-x86_64 1.7 29.00 150.00 179.00 NOTE
r-patched-linux-x86_64 1.7 18.81 124.14 142.95 OK
r-release-linux-x86_64 1.7 11.40 123.17 134.57 OK
r-release-macos-arm64 1.7 51.00 OK
r-release-macos-x86_64 1.7 69.00 OK
r-release-windows-x86_64 1.7 25.00 150.00 175.00 OK
r-oldrel-macos-arm64 1.7 62.00 OK
r-oldrel-macos-x86_64 1.7 92.00 OK
r-oldrel-windows-ix86+x86_64 1.7 22.00 139.00 161.00 OK

Check Details

Version: 1.7
Check: Rd files
Result: NOTE
    checkRd: (-1) gPLS.Rd:72: Escaped LaTeX specials: \^
    checkRd: (-1) gPLS.Rd:74: Escaped LaTeX specials: \^
    checkRd: (-1) sPLS.Rd:67: Escaped LaTeX specials: \^
    checkRd: (-1) sPLS.Rd:69: Escaped LaTeX specials: \^
    checkRd: (-1) sgPLS.Rd:75: Escaped LaTeX specials: \^
    checkRd: (-1) sgPLS.Rd:77: Escaped LaTeX specials: \^
Flavors: r-devel-linux-x86_64-debian-clang, r-devel-linux-x86_64-debian-gcc, r-devel-linux-x86_64-fedora-clang, r-devel-linux-x86_64-fedora-gcc, r-devel-windows-x86_64