CRAN Package Check Results for Package sfnetworks

Last updated on 2021-12-04 11:52:48 CET.

Flavor Version Tinstall Tcheck Ttotal Status Flags
r-devel-linux-x86_64-debian-clang 0.5.3 9.76 357.45 367.21 OK
r-devel-linux-x86_64-debian-gcc 0.5.3 9.30 256.57 265.87 OK
r-devel-linux-x86_64-fedora-clang 0.5.3 434.29 OK
r-devel-linux-x86_64-fedora-gcc 0.5.3 411.04 OK
r-devel-windows-x86_64-new-UL 0.5.3 35.00 461.00 496.00 OK
r-devel-windows-x86_64-new-TK 0.5.3 OK
r-devel-windows-x86_64-old 0.5.3 22.00 320.00 342.00 OK
r-patched-linux-x86_64 0.5.3 10.27 342.52 352.79 OK
r-release-linux-x86_64 0.5.3 11.40 339.99 351.39 OK
r-release-macos-arm64 0.5.3 WARN
r-release-macos-x86_64 0.5.3 WARN
r-release-windows-ix86+x86_64 0.5.3 27.00 362.00 389.00 OK
r-oldrel-macos-x86_64 0.5.3 WARN
r-oldrel-windows-ix86+x86_64 0.5.3 33.00 424.00 457.00 OK

Check Details

Version: 0.5.3
Check: re-building of vignette outputs
Result: WARN
    Error(s) in re-building vignettes:
    --- re-building ‘sfn01_structure.Rmd’ using rmarkdown
    Linking to GEOS 3.9.1, GDAL 3.2.3, PROJ 7.2.1
    
    Attaching package: 'tidygraph'
    
    The following object is masked from 'package:stats':
    
     filter
    
    ── <1b>[1mAttaching packages<1b>[22m ─────────────────────────────────────── tidyverse 1.3.1 ──
    <1b>[32m✔<1b>[39m <1b>[34mggplot2<1b>[39m 3.3.5 <1b>[32m✔<1b>[39m <1b>[34mpurrr <1b>[39m 0.3.4
    <1b>[32m✔<1b>[39m <1b>[34mtibble <1b>[39m 3.1.6 <1b>[32m✔<1b>[39m <1b>[34mdplyr <1b>[39m 1.0.7
    <1b>[32m✔<1b>[39m <1b>[34mtidyr <1b>[39m 1.1.4 <1b>[32m✔<1b>[39m <1b>[34mstringr<1b>[39m 1.4.0
    <1b>[32m✔<1b>[39m <1b>[34mreadr <1b>[39m 2.1.0 <1b>[32m✔<1b>[39m <1b>[34mforcats<1b>[39m 0.5.1
    ── <1b>[1mConflicts<1b>[22m ────────────────────────────────────────── tidyverse_conflicts() ──
    <1b>[31m✖<1b>[39m <1b>[34mdplyr<1b>[39m::<1b>[32mfilter()<1b>[39m masks <1b>[34mtidygraph<1b>[39m::filter(), <1b>[34mstats<1b>[39m::filter()
    <1b>[31m✖<1b>[39m <1b>[34mdplyr<1b>[39m::<1b>[32mlag()<1b>[39m masks <1b>[34mstats<1b>[39m::lag()
    
    Attaching package: 'igraph'
    
    The following objects are masked from 'package:dplyr':
    
     as_data_frame, groups, union
    
    The following objects are masked from 'package:purrr':
    
     compose, simplify
    
    The following object is masked from 'package:tidyr':
    
     crossing
    
    The following object is masked from 'package:tibble':
    
     as_data_frame
    
    The following object is masked from 'package:tidygraph':
    
     groups
    
    The following objects are masked from 'package:stats':
    
     decompose, spectrum
    
    The following object is masked from 'package:base':
    
     union
    
    Quitting from lines 156-160 (sfn01_structure.Rmd)
    Error: processing vignette 'sfn01_structure.Rmd' failed with diagnostics:
    At foreign-graphml.c:1446 : GraphML support is disabled, Unimplemented function call
    --- failed re-building ‘sfn01_structure.Rmd’
    
    --- re-building ‘sfn02_preprocess_clean.Rmd’ using rmarkdown
    Linking to GEOS 3.9.1, GDAL 3.2.3, PROJ 7.2.1
    
    Attaching package: 'tidygraph'
    
    The following object is masked from 'package:stats':
    
     filter
    
    ── <1b>[1mAttaching packages<1b>[22m ─────────────────────────────────────── tidyverse 1.3.1 ──
    <1b>[32m✔<1b>[39m <1b>[34mggplot2<1b>[39m 3.3.5 <1b>[32m✔<1b>[39m <1b>[34mpurrr <1b>[39m 0.3.4
    <1b>[32m✔<1b>[39m <1b>[34mtibble <1b>[39m 3.1.6 <1b>[32m✔<1b>[39m <1b>[34mdplyr <1b>[39m 1.0.7
    <1b>[32m✔<1b>[39m <1b>[34mtidyr <1b>[39m 1.1.4 <1b>[32m✔<1b>[39m <1b>[34mstringr<1b>[39m 1.4.0
    <1b>[32m✔<1b>[39m <1b>[34mreadr <1b>[39m 2.1.0 <1b>[32m✔<1b>[39m <1b>[34mforcats<1b>[39m 0.5.1
    ── <1b>[1mConflicts<1b>[22m ────────────────────────────────────────── tidyverse_conflicts() ──
    <1b>[31m✖<1b>[39m <1b>[34mdplyr<1b>[39m::<1b>[32mfilter()<1b>[39m masks <1b>[34mtidygraph<1b>[39m::filter(), <1b>[34mstats<1b>[39m::filter()
    <1b>[31m✖<1b>[39m <1b>[34mdplyr<1b>[39m::<1b>[32mlag()<1b>[39m masks <1b>[34mstats<1b>[39m::lag()
    
    Attaching package: 'igraph'
    
    The following objects are masked from 'package:dplyr':
    
     as_data_frame, groups, union
    
    The following objects are masked from 'package:purrr':
    
     compose, simplify
    
    The following object is masked from 'package:tidyr':
    
     crossing
    
    The following object is masked from 'package:tibble':
    
     as_data_frame
    
    The following object is masked from 'package:tidygraph':
    
     groups
    
    The following objects are masked from 'package:stats':
    
     decompose, spectrum
    
    The following object is masked from 'package:base':
    
     union
    
    --- finished re-building ‘sfn02_preprocess_clean.Rmd’
    
    --- re-building ‘sfn03_join_filter.Rmd’ using rmarkdown
    Linking to GEOS 3.9.1, GDAL 3.2.3, PROJ 7.2.1
    
    Attaching package: 'tidygraph'
    
    The following object is masked from 'package:stats':
    
     filter
    
    ── <1b>[1mAttaching packages<1b>[22m ─────────────────────────────────────── tidyverse 1.3.1 ──
    <1b>[32m✔<1b>[39m <1b>[34mggplot2<1b>[39m 3.3.5 <1b>[32m✔<1b>[39m <1b>[34mpurrr <1b>[39m 0.3.4
    <1b>[32m✔<1b>[39m <1b>[34mtibble <1b>[39m 3.1.6 <1b>[32m✔<1b>[39m <1b>[34mdplyr <1b>[39m 1.0.7
    <1b>[32m✔<1b>[39m <1b>[34mtidyr <1b>[39m 1.1.4 <1b>[32m✔<1b>[39m <1b>[34mstringr<1b>[39m 1.4.0
    <1b>[32m✔<1b>[39m <1b>[34mreadr <1b>[39m 2.1.0 <1b>[32m✔<1b>[39m <1b>[34mforcats<1b>[39m 0.5.1
    ── <1b>[1mConflicts<1b>[22m ────────────────────────────────────────── tidyverse_conflicts() ──
    <1b>[31m✖<1b>[39m <1b>[34mdplyr<1b>[39m::<1b>[32mfilter()<1b>[39m masks <1b>[34mtidygraph<1b>[39m::filter(), <1b>[34mstats<1b>[39m::filter()
    <1b>[31m✖<1b>[39m <1b>[34mdplyr<1b>[39m::<1b>[32mlag()<1b>[39m masks <1b>[34mstats<1b>[39m::lag()
    
    Attaching package: 'igraph'
    
    The following objects are masked from 'package:dplyr':
    
     as_data_frame, groups, union
    
    The following objects are masked from 'package:purrr':
    
     compose, simplify
    
    The following object is masked from 'package:tidyr':
    
     crossing
    
    The following object is masked from 'package:tibble':
    
     as_data_frame
    
    The following object is masked from 'package:tidygraph':
    
     groups
    
    The following objects are masked from 'package:stats':
    
     decompose, spectrum
    
    The following object is masked from 'package:base':
    
     union
    
    --- finished re-building ‘sfn03_join_filter.Rmd’
    
    --- re-building ‘sfn04_routing.Rmd’ using rmarkdown
    Linking to GEOS 3.9.1, GDAL 3.2.3, PROJ 7.2.1
    
    Attaching package: 'tidygraph'
    
    The following object is masked from 'package:stats':
    
     filter
    
    ── <1b>[1mAttaching packages<1b>[22m ─────────────────────────────────────── tidyverse 1.3.1 ──
    <1b>[32m✔<1b>[39m <1b>[34mggplot2<1b>[39m 3.3.5 <1b>[32m✔<1b>[39m <1b>[34mpurrr <1b>[39m 0.3.4
    <1b>[32m✔<1b>[39m <1b>[34mtibble <1b>[39m 3.1.6 <1b>[32m✔<1b>[39m <1b>[34mdplyr <1b>[39m 1.0.7
    <1b>[32m✔<1b>[39m <1b>[34mtidyr <1b>[39m 1.1.4 <1b>[32m✔<1b>[39m <1b>[34mstringr<1b>[39m 1.4.0
    <1b>[32m✔<1b>[39m <1b>[34mreadr <1b>[39m 2.1.0 <1b>[32m✔<1b>[39m <1b>[34mforcats<1b>[39m 0.5.1
    ── <1b>[1mConflicts<1b>[22m ────────────────────────────────────────── tidyverse_conflicts() ──
    <1b>[31m✖<1b>[39m <1b>[34mdplyr<1b>[39m::<1b>[32mfilter()<1b>[39m masks <1b>[34mtidygraph<1b>[39m::filter(), <1b>[34mstats<1b>[39m::filter()
    <1b>[31m✖<1b>[39m <1b>[34mdplyr<1b>[39m::<1b>[32mlag()<1b>[39m masks <1b>[34mstats<1b>[39m::lag()
    Warning: The `add` argument of `group_by()` is deprecated as of dplyr 1.0.0.
    Please use the `.add` argument instead.
    <1b>[90mThis warning is displayed once every 8 hours.<1b>[39m
    <1b>[90mCall `lifecycle::last_lifecycle_warnings()` to see where this warning was generated.<1b>[39m
    --- finished re-building ‘sfn04_routing.Rmd’
    
    --- re-building ‘sfn05_morphers.Rmd’ using rmarkdown
    Linking to GEOS 3.9.1, GDAL 3.2.3, PROJ 7.2.1
    
    Attaching package: 'tidygraph'
    
    The following object is masked from 'package:stats':
    
     filter
    
    ── <1b>[1mAttaching packages<1b>[22m ─────────────────────────────────────── tidyverse 1.3.1 ──
    <1b>[32m✔<1b>[39m <1b>[34mggplot2<1b>[39m 3.3.5 <1b>[32m✔<1b>[39m <1b>[34mpurrr <1b>[39m 0.3.4
    <1b>[32m✔<1b>[39m <1b>[34mtibble <1b>[39m 3.1.6 <1b>[32m✔<1b>[39m <1b>[34mdplyr <1b>[39m 1.0.7
    <1b>[32m✔<1b>[39m <1b>[34mtidyr <1b>[39m 1.1.4 <1b>[32m✔<1b>[39m <1b>[34mstringr<1b>[39m 1.4.0
    <1b>[32m✔<1b>[39m <1b>[34mreadr <1b>[39m 2.1.0 <1b>[32m✔<1b>[39m <1b>[34mforcats<1b>[39m 0.5.1
    ── <1b>[1mConflicts<1b>[22m ────────────────────────────────────────── tidyverse_conflicts() ──
    <1b>[31m✖<1b>[39m <1b>[34mdplyr<1b>[39m::<1b>[32mfilter()<1b>[39m masks <1b>[34mtidygraph<1b>[39m::filter(), <1b>[34mstats<1b>[39m::filter()
    <1b>[31m✖<1b>[39m <1b>[34mdplyr<1b>[39m::<1b>[32mlag()<1b>[39m masks <1b>[34mstats<1b>[39m::lag()
    
    Attaching package: 'igraph'
    
    The following objects are masked from 'package:dplyr':
    
     as_data_frame, groups, union
    
    The following objects are masked from 'package:purrr':
    
     compose, simplify
    
    The following object is masked from 'package:tidyr':
    
     crossing
    
    The following object is masked from 'package:tibble':
    
     as_data_frame
    
    The following object is masked from 'package:tidygraph':
    
     groups
    
    The following objects are masked from 'package:stats':
    
     decompose, spectrum
    
    The following object is masked from 'package:base':
    
     union
    
    --- finished re-building ‘sfn05_morphers.Rmd’
    
    SUMMARY: processing the following file failed:
     ‘sfn01_structure.Rmd’
    
    Error: Vignette re-building failed.
    Execution halted
Flavor: r-release-macos-arm64

Version: 0.5.3
Check: re-building of vignette outputs
Result: WARN
    Error(s) in re-building vignettes:
    --- re-building ‘sfn01_structure.Rmd’ using rmarkdown
    Pandoc is required to build R Markdown vignettes but not available. Please make sure it is installed.
    Linking to GEOS 3.8.1, GDAL 3.2.1, PROJ 7.2.1
    
    Attaching package: 'tidygraph'
    
    The following object is masked from 'package:stats':
    
     filter
    
    ── <1b>[1mAttaching packages<1b>[22m ─────────────────────────────────────── tidyverse 1.3.1 ──
    <1b>[32m✔<1b>[39m <1b>[34mggplot2<1b>[39m 3.3.5 <1b>[32m✔<1b>[39m <1b>[34mpurrr <1b>[39m 0.3.4
    <1b>[32m✔<1b>[39m <1b>[34mtibble <1b>[39m 3.1.6 <1b>[32m✔<1b>[39m <1b>[34mdplyr <1b>[39m 1.0.7
    <1b>[32m✔<1b>[39m <1b>[34mtidyr <1b>[39m 1.1.4 <1b>[32m✔<1b>[39m <1b>[34mstringr<1b>[39m 1.4.0
    <1b>[32m✔<1b>[39m <1b>[34mreadr <1b>[39m 2.1.0 <1b>[32m✔<1b>[39m <1b>[34mforcats<1b>[39m 0.5.1
    ── <1b>[1mConflicts<1b>[22m ────────────────────────────────────────── tidyverse_conflicts() ──
    <1b>[31m✖<1b>[39m <1b>[34mdplyr<1b>[39m::<1b>[32mfilter()<1b>[39m masks <1b>[34mtidygraph<1b>[39m::filter(), <1b>[34mstats<1b>[39m::filter()
    <1b>[31m✖<1b>[39m <1b>[34mdplyr<1b>[39m::<1b>[32mlag()<1b>[39m masks <1b>[34mstats<1b>[39m::lag()
    
    Attaching package: 'igraph'
    
    The following objects are masked from 'package:dplyr':
    
     as_data_frame, groups, union
    
    The following objects are masked from 'package:purrr':
    
     compose, simplify
    
    The following object is masked from 'package:tidyr':
    
     crossing
    
    The following object is masked from 'package:tibble':
    
     as_data_frame
    
    The following object is masked from 'package:tidygraph':
    
     groups
    
    The following objects are masked from 'package:stats':
    
     decompose, spectrum
    
    The following object is masked from 'package:base':
    
     union
    
    Quitting from lines 156-160 (sfn01_structure.Rmd)
    Error: processing vignette 'sfn01_structure.Rmd' failed with diagnostics:
    At foreign-graphml.c:1446 : GraphML support is disabled, Unimplemented function call
    --- failed re-building ‘sfn01_structure.Rmd’
    
    --- re-building ‘sfn02_preprocess_clean.Rmd’ using rmarkdown
    Pandoc is required to build R Markdown vignettes but not available. Please make sure it is installed.
    Linking to GEOS 3.8.1, GDAL 3.2.1, PROJ 7.2.1
    
    Attaching package: 'tidygraph'
    
    The following object is masked from 'package:stats':
    
     filter
    
    ── <1b>[1mAttaching packages<1b>[22m ─────────────────────────────────────── tidyverse 1.3.1 ──
    <1b>[32m✔<1b>[39m <1b>[34mggplot2<1b>[39m 3.3.5 <1b>[32m✔<1b>[39m <1b>[34mpurrr <1b>[39m 0.3.4
    <1b>[32m✔<1b>[39m <1b>[34mtibble <1b>[39m 3.1.6 <1b>[32m✔<1b>[39m <1b>[34mdplyr <1b>[39m 1.0.7
    <1b>[32m✔<1b>[39m <1b>[34mtidyr <1b>[39m 1.1.4 <1b>[32m✔<1b>[39m <1b>[34mstringr<1b>[39m 1.4.0
    <1b>[32m✔<1b>[39m <1b>[34mreadr <1b>[39m 2.1.0 <1b>[32m✔<1b>[39m <1b>[34mforcats<1b>[39m 0.5.1
    ── <1b>[1mConflicts<1b>[22m ────────────────────────────────────────── tidyverse_conflicts() ──
    <1b>[31m✖<1b>[39m <1b>[34mdplyr<1b>[39m::<1b>[32mfilter()<1b>[39m masks <1b>[34mtidygraph<1b>[39m::filter(), <1b>[34mstats<1b>[39m::filter()
    <1b>[31m✖<1b>[39m <1b>[34mdplyr<1b>[39m::<1b>[32mlag()<1b>[39m masks <1b>[34mstats<1b>[39m::lag()
    
    Attaching package: 'igraph'
    
    The following objects are masked from 'package:dplyr':
    
     as_data_frame, groups, union
    
    The following objects are masked from 'package:purrr':
    
     compose, simplify
    
    The following object is masked from 'package:tidyr':
    
     crossing
    
    The following object is masked from 'package:tibble':
    
     as_data_frame
    
    The following object is masked from 'package:tidygraph':
    
     groups
    
    The following objects are masked from 'package:stats':
    
     decompose, spectrum
    
    The following object is masked from 'package:base':
    
     union
    
    --- finished re-building ‘sfn02_preprocess_clean.Rmd’
    
    --- re-building ‘sfn03_join_filter.Rmd’ using rmarkdown
    Pandoc is required to build R Markdown vignettes but not available. Please make sure it is installed.
    Linking to GEOS 3.8.1, GDAL 3.2.1, PROJ 7.2.1
    
    Attaching package: 'tidygraph'
    
    The following object is masked from 'package:stats':
    
     filter
    
    ── <1b>[1mAttaching packages<1b>[22m ─────────────────────────────────────── tidyverse 1.3.1 ──
    <1b>[32m✔<1b>[39m <1b>[34mggplot2<1b>[39m 3.3.5 <1b>[32m✔<1b>[39m <1b>[34mpurrr <1b>[39m 0.3.4
    <1b>[32m✔<1b>[39m <1b>[34mtibble <1b>[39m 3.1.6 <1b>[32m✔<1b>[39m <1b>[34mdplyr <1b>[39m 1.0.7
    <1b>[32m✔<1b>[39m <1b>[34mtidyr <1b>[39m 1.1.4 <1b>[32m✔<1b>[39m <1b>[34mstringr<1b>[39m 1.4.0
    <1b>[32m✔<1b>[39m <1b>[34mreadr <1b>[39m 2.1.0 <1b>[32m✔<1b>[39m <1b>[34mforcats<1b>[39m 0.5.1
    ── <1b>[1mConflicts<1b>[22m ────────────────────────────────────────── tidyverse_conflicts() ──
    <1b>[31m✖<1b>[39m <1b>[34mdplyr<1b>[39m::<1b>[32mfilter()<1b>[39m masks <1b>[34mtidygraph<1b>[39m::filter(), <1b>[34mstats<1b>[39m::filter()
    <1b>[31m✖<1b>[39m <1b>[34mdplyr<1b>[39m::<1b>[32mlag()<1b>[39m masks <1b>[34mstats<1b>[39m::lag()
    
    Attaching package: 'igraph'
    
    The following objects are masked from 'package:dplyr':
    
     as_data_frame, groups, union
    
    The following objects are masked from 'package:purrr':
    
     compose, simplify
    
    The following object is masked from 'package:tidyr':
    
     crossing
    
    The following object is masked from 'package:tibble':
    
     as_data_frame
    
    The following object is masked from 'package:tidygraph':
    
     groups
    
    The following objects are masked from 'package:stats':
    
     decompose, spectrum
    
    The following object is masked from 'package:base':
    
     union
    
    --- finished re-building ‘sfn03_join_filter.Rmd’
    
    --- re-building ‘sfn04_routing.Rmd’ using rmarkdown
    Pandoc is required to build R Markdown vignettes but not available. Please make sure it is installed.
    Linking to GEOS 3.8.1, GDAL 3.2.1, PROJ 7.2.1
    
    Attaching package: 'tidygraph'
    
    The following object is masked from 'package:stats':
    
     filter
    
    ── <1b>[1mAttaching packages<1b>[22m ─────────────────────────────────────── tidyverse 1.3.1 ──
    <1b>[32m✔<1b>[39m <1b>[34mggplot2<1b>[39m 3.3.5 <1b>[32m✔<1b>[39m <1b>[34mpurrr <1b>[39m 0.3.4
    <1b>[32m✔<1b>[39m <1b>[34mtibble <1b>[39m 3.1.6 <1b>[32m✔<1b>[39m <1b>[34mdplyr <1b>[39m 1.0.7
    <1b>[32m✔<1b>[39m <1b>[34mtidyr <1b>[39m 1.1.4 <1b>[32m✔<1b>[39m <1b>[34mstringr<1b>[39m 1.4.0
    <1b>[32m✔<1b>[39m <1b>[34mreadr <1b>[39m 2.1.0 <1b>[32m✔<1b>[39m <1b>[34mforcats<1b>[39m 0.5.1
    ── <1b>[1mConflicts<1b>[22m ────────────────────────────────────────── tidyverse_conflicts() ──
    <1b>[31m✖<1b>[39m <1b>[34mdplyr<1b>[39m::<1b>[32mfilter()<1b>[39m masks <1b>[34mtidygraph<1b>[39m::filter(), <1b>[34mstats<1b>[39m::filter()
    <1b>[31m✖<1b>[39m <1b>[34mdplyr<1b>[39m::<1b>[32mlag()<1b>[39m masks <1b>[34mstats<1b>[39m::lag()
    Warning: The `add` argument of `group_by()` is deprecated as of dplyr 1.0.0.
    Please use the `.add` argument instead.
    <1b>[90mThis warning is displayed once every 8 hours.<1b>[39m
    <1b>[90mCall `lifecycle::last_lifecycle_warnings()` to see where this warning was generated.<1b>[39m
    --- finished re-building ‘sfn04_routing.Rmd’
    
    --- re-building ‘sfn05_morphers.Rmd’ using rmarkdown
    Pandoc is required to build R Markdown vignettes but not available. Please make sure it is installed.
    Linking to GEOS 3.8.1, GDAL 3.2.1, PROJ 7.2.1
    
    Attaching package: 'tidygraph'
    
    The following object is masked from 'package:stats':
    
     filter
    
    ── <1b>[1mAttaching packages<1b>[22m ─────────────────────────────────────── tidyverse 1.3.1 ──
    <1b>[32m✔<1b>[39m <1b>[34mggplot2<1b>[39m 3.3.5 <1b>[32m✔<1b>[39m <1b>[34mpurrr <1b>[39m 0.3.4
    <1b>[32m✔<1b>[39m <1b>[34mtibble <1b>[39m 3.1.6 <1b>[32m✔<1b>[39m <1b>[34mdplyr <1b>[39m 1.0.7
    <1b>[32m✔<1b>[39m <1b>[34mtidyr <1b>[39m 1.1.4 <1b>[32m✔<1b>[39m <1b>[34mstringr<1b>[39m 1.4.0
    <1b>[32m✔<1b>[39m <1b>[34mreadr <1b>[39m 2.1.0 <1b>[32m✔<1b>[39m <1b>[34mforcats<1b>[39m 0.5.1
    ── <1b>[1mConflicts<1b>[22m ────────────────────────────────────────── tidyverse_conflicts() ──
    <1b>[31m✖<1b>[39m <1b>[34mdplyr<1b>[39m::<1b>[32mfilter()<1b>[39m masks <1b>[34mtidygraph<1b>[39m::filter(), <1b>[34mstats<1b>[39m::filter()
    <1b>[31m✖<1b>[39m <1b>[34mdplyr<1b>[39m::<1b>[32mlag()<1b>[39m masks <1b>[34mstats<1b>[39m::lag()
    
    Attaching package: 'igraph'
    
    The following objects are masked from 'package:dplyr':
    
     as_data_frame, groups, union
    
    The following objects are masked from 'package:purrr':
    
     compose, simplify
    
    The following object is masked from 'package:tidyr':
    
     crossing
    
    The following object is masked from 'package:tibble':
    
     as_data_frame
    
    The following object is masked from 'package:tidygraph':
    
     groups
    
    The following objects are masked from 'package:stats':
    
     decompose, spectrum
    
    The following object is masked from 'package:base':
    
     union
    
    --- finished re-building ‘sfn05_morphers.Rmd’
    
    SUMMARY: processing the following file failed:
     ‘sfn01_structure.Rmd’
    
    Error: Vignette re-building failed.
    Execution halted
Flavors: r-release-macos-x86_64, r-oldrel-macos-x86_64