CRAN Package Check Results for Package seqhandbook

Last updated on 2022-01-25 00:50:02 CET.

Flavor Version Tinstall Tcheck Ttotal Status Flags
r-devel-linux-x86_64-debian-clang 0.1.0 13.11 237.58 250.69 OK
r-devel-linux-x86_64-debian-gcc 0.1.0 11.39 186.37 197.76 OK
r-devel-linux-x86_64-fedora-clang 0.1.0 297.99 OK
r-devel-linux-x86_64-fedora-gcc 0.1.0 299.00 OK
r-devel-windows-x86_64-new-UL 0.1.0 41.00 297.00 338.00 OK
r-devel-windows-x86_64-new-TK 0.1.0 ERROR
r-patched-linux-x86_64 0.1.0 18.30 220.67 238.97 OK
r-release-linux-x86_64 0.1.0 9.54 223.07 232.61 OK
r-release-macos-arm64 0.1.0 OK
r-release-macos-x86_64 0.1.0 OK
r-release-windows-ix86+x86_64 0.1.0 32.00 297.00 329.00 OK
r-oldrel-macos-x86_64 0.1.0 OK
r-oldrel-windows-ix86+x86_64 0.1.0 33.00 298.00 331.00 OK

Check Details

Version: 0.1.0
Check: package dependencies
Result: ERROR
    Package required but not available: 'TraMineR'
    
    Packages suggested but not available for checking:
     'FactoMineR', 'GDAtools', 'TraMineRextras', 'WeightedCluster'
    
    See section 'The DESCRIPTION file' in the 'Writing R Extensions'
    manual.
Flavor: r-devel-windows-x86_64-new-TK