CRAN Package Check Results for Package seqHMM

Last updated on 2021-09-20 04:58:39 CEST.

Flavor Version Tinstall Tcheck Ttotal Status Flags
r-devel-linux-x86_64-debian-clang 1.1.1 488.04 634.25 1122.29 OK
r-devel-linux-x86_64-debian-gcc 1.1.1 301.30 326.91 628.21 OK
r-devel-linux-x86_64-fedora-clang 1.1.1 1373.68 NOTE
r-devel-linux-x86_64-fedora-gcc 1.1.1 1139.80 OK
r-devel-windows-x86_64 1.1.1 410.00 375.00 785.00 NOTE
r-devel-windows-x86_64-gcc10-UCRT 1.1.1 ERROR
r-patched-linux-x86_64 1.1.1 385.06 427.32 812.38 OK
r-patched-solaris-x86 1.1.1 1197.00 NOTE
r-release-linux-x86_64 1.1.1 376.14 432.66 808.80 OK
r-release-macos-arm64 1.1.1 NOTE
r-release-macos-x86_64 1.1.1 NOTE
r-release-windows-ix86+x86_64 1.1.1 1085.00 425.00 1510.00 NOTE
r-oldrel-macos-x86_64 1.1.1 NOTE
r-oldrel-windows-ix86+x86_64 1.1.1 1107.00 413.00 1520.00 NOTE

Check Details

Version: 1.1.1
Check: installed package size
Result: NOTE
     installed size is 18.0Mb
     sub-directories of 1Mb or more:
     doc 4.0Mb
     libs 13.2Mb
Flavors: r-devel-linux-x86_64-fedora-clang, r-devel-windows-x86_64, r-patched-solaris-x86, r-release-macos-arm64, r-release-macos-x86_64, r-release-windows-ix86+x86_64, r-oldrel-macos-x86_64, r-oldrel-windows-ix86+x86_64

Version: 1.1.1
Check: whether package can be installed
Result: ERROR
    Installation failed.
Flavor: r-devel-windows-x86_64-gcc10-UCRT