CRAN Package Check Results for Package sentryR

Last updated on 2021-08-02 07:52:06 CEST.

Flavor Version Tinstall Tcheck Ttotal Status Flags
r-devel-linux-x86_64-debian-clang 1.1.0 2.23 26.81 29.04 NOTE
r-devel-linux-x86_64-debian-gcc 1.1.0 1.83 20.97 22.80 NOTE
r-devel-linux-x86_64-fedora-clang 1.1.0 44.07 NOTE
r-devel-linux-x86_64-fedora-gcc 1.1.0 33.14 NOTE
r-devel-windows-x86_64 1.1.0 5.00 43.00 48.00 NOTE
r-devel-windows-x86_64-gcc10-UCRT 1.1.0 NOTE
r-patched-linux-x86_64 1.1.0 NOTE
r-patched-solaris-x86 1.1.0 52.90 NOTE
r-release-linux-x86_64 1.1.0 2.62 25.63 28.25 NOTE
r-release-macos-arm64 1.1.0 NOTE
r-release-macos-x86_64 1.1.0 NOTE
r-release-windows-ix86+x86_64 1.1.0 6.00 42.00 48.00 NOTE
r-oldrel-macos-x86_64 1.1.0 OK
r-oldrel-windows-ix86+x86_64 1.1.0 4.00 44.00 48.00 OK

Check Details

Version: 1.1.0
Check: LazyData
Result: NOTE
     'LazyData' is specified without a 'data' directory
Flavors: r-devel-linux-x86_64-debian-clang, r-devel-linux-x86_64-debian-gcc, r-devel-linux-x86_64-fedora-clang, r-devel-linux-x86_64-fedora-gcc, r-devel-windows-x86_64, r-devel-windows-x86_64-gcc10-UCRT, r-patched-linux-x86_64, r-patched-solaris-x86, r-release-linux-x86_64, r-release-macos-arm64, r-release-macos-x86_64, r-release-windows-ix86+x86_64