CRAN Package Check Results for Package sentometrics

Last updated on 2021-05-06 04:48:21 CEST.

Flavor Version Tinstall Tcheck Ttotal Status Flags
r-devel-linux-x86_64-debian-clang 0.8.4 101.69 250.69 352.38 NOTE
r-devel-linux-x86_64-debian-gcc 0.8.4 68.46 180.34 248.80 NOTE
r-devel-linux-x86_64-fedora-clang 0.8.4 419.83 NOTE
r-devel-linux-x86_64-fedora-gcc 0.8.4 424.70 NOTE
r-devel-windows-ix86+x86_64 0.8.4 239.00 476.00 715.00 NOTE
r-devel-windows-x86_64-gcc10-UCRT 0.8.4 NOTE
r-patched-linux-x86_64 0.8.4 82.16 222.88 305.04 NOTE
r-patched-solaris-x86 0.8.4 489.20 NOTE
r-release-linux-x86_64 0.8.4 81.82 220.79 302.61 NOTE
r-release-macos-x86_64 0.8.4 NOTE
r-release-windows-ix86+x86_64 0.8.4 168.00 367.00 535.00 NOTE
r-oldrel-macos-x86_64 0.8.4 NOTE
r-oldrel-windows-ix86+x86_64 0.8.4 200.00 446.00 646.00 NOTE

Check Details

Version: 0.8.4
Check: for GNU extensions in Makefiles
Result: NOTE
    GNU make is a SystemRequirements.
Flavors: r-devel-linux-x86_64-debian-clang, r-devel-linux-x86_64-debian-gcc, r-devel-linux-x86_64-fedora-clang, r-devel-linux-x86_64-fedora-gcc, r-devel-windows-ix86+x86_64, r-devel-windows-x86_64-gcc10-UCRT, r-patched-linux-x86_64, r-patched-solaris-x86, r-release-linux-x86_64, r-release-macos-x86_64, r-release-windows-ix86+x86_64, r-oldrel-macos-x86_64, r-oldrel-windows-ix86+x86_64

Version: 0.8.4
Check: installed package size
Result: NOTE
     installed size is 7.7Mb
     sub-directories of 1Mb or more:
     data 2.3Mb
     libs 4.2Mb
Flavors: r-devel-linux-x86_64-fedora-clang, r-devel-windows-ix86+x86_64, r-release-macos-x86_64, r-release-windows-ix86+x86_64, r-oldrel-macos-x86_64, r-oldrel-windows-ix86+x86_64

Version: 0.8.4
Check: data for non-ASCII characters
Result: NOTE
     Note: found 4436 marked UTF-8 strings
Flavors: r-devel-linux-x86_64-fedora-clang, r-devel-linux-x86_64-fedora-gcc, r-devel-windows-x86_64-gcc10-UCRT, r-patched-solaris-x86, r-release-macos-x86_64, r-oldrel-macos-x86_64