CRAN Package Check Results for Package sentometrics

Last updated on 2022-01-27 00:50:36 CET.

Flavor Version Tinstall Tcheck Ttotal Status Flags
r-devel-linux-x86_64-debian-clang 1.0.0 97.20 268.06 365.26 NOTE
r-devel-linux-x86_64-debian-gcc 1.0.0 72.64 192.83 265.47 NOTE
r-devel-linux-x86_64-fedora-clang 1.0.0 449.79 NOTE
r-devel-linux-x86_64-fedora-gcc 1.0.0 413.07 NOTE
r-devel-windows-x86_64-new-UL 1.0.0 229.00 298.00 527.00 NOTE
r-devel-windows-x86_64-new-TK 1.0.0 NOTE
r-patched-linux-x86_64 1.0.0 95.45 234.46 329.91 NOTE
r-release-linux-x86_64 1.0.0 70.59 230.61 301.20 NOTE
r-release-macos-arm64 1.0.0 NOTE
r-release-macos-x86_64 1.0.0 NOTE
r-release-windows-ix86+x86_64 1.0.0 232.00 462.00 694.00 NOTE
r-oldrel-macos-x86_64 1.0.0 NOTE
r-oldrel-windows-ix86+x86_64 1.0.0 231.00 470.00 701.00 NOTE

Check Details

Version: 1.0.0
Check: for GNU extensions in Makefiles
Result: NOTE
    GNU make is a SystemRequirements.
Flavors: r-devel-linux-x86_64-debian-clang, r-devel-linux-x86_64-debian-gcc, r-devel-linux-x86_64-fedora-clang, r-devel-linux-x86_64-fedora-gcc, r-devel-windows-x86_64-new-UL, r-devel-windows-x86_64-new-TK, r-patched-linux-x86_64, r-release-linux-x86_64, r-release-macos-arm64, r-release-macos-x86_64, r-release-windows-ix86+x86_64, r-oldrel-macos-x86_64, r-oldrel-windows-ix86+x86_64

Version: 1.0.0
Check: installed package size
Result: NOTE
     installed size is 7.5Mb
     sub-directories of 1Mb or more:
     data 2.3Mb
     libs 4.0Mb
Flavors: r-devel-linux-x86_64-fedora-clang, r-release-macos-arm64, r-release-macos-x86_64, r-release-windows-ix86+x86_64, r-oldrel-macos-x86_64, r-oldrel-windows-ix86+x86_64

Version: 1.0.0
Check: data for non-ASCII characters
Result: NOTE
     Note: found 4436 marked UTF-8 strings
Flavors: r-devel-linux-x86_64-fedora-clang, r-devel-linux-x86_64-fedora-gcc, r-devel-windows-x86_64-new-TK, r-release-macos-arm64, r-release-macos-x86_64, r-oldrel-macos-x86_64